{"id":10339,"date":"2024-04-15T11:02:52","date_gmt":"2024-04-15T09:02:52","guid":{"rendered":"https:\/\/www.asemer.ro\/?post_type=event_listing&#038;p=10339"},"modified":"2024-04-15T11:04:49","modified_gmt":"2024-04-15T09:04:49","slug":"concierto-cinestesia-22-de-abril","status":"publish","type":"event_listing","link":"https:\/\/www.asemer.ro\/index.php\/event\/concierto-cinestesia-22-de-abril\/","title":{"rendered":"CONCIERTO CINESTESIA, 22 DE ABRIL"},"content":{"rendered":"\n<p>Asemer tiene el honor de participar como invitado especial al lado de La C\u00e1mara de Comercio Bilateral de B\u00e9lgica el pr\u00f3ximo 22 de abril en el Hotel Caro, como parte de las festividades de la Semana Belga organizada por la C\u00e1mara de Comercio Belga Luxemburgo Rumano Moldova.<\/p>\n\n\n\n<figure class=\"wp-block-image size-large is-style-default\"><img loading=\"lazy\" decoding=\"async\" width=\"768\" height=\"1024\" src=\"https:\/\/www.asemer.ro\/wp-content\/uploads\/2024\/04\/Berocc-1-768x1024.jpg\" alt=\"\" class=\"wp-image-10340\" srcset=\"https:\/\/www.asemer.ro\/wp-content\/uploads\/2024\/04\/Berocc-1-768x1024.jpg 768w, https:\/\/www.asemer.ro\/wp-content\/uploads\/2024\/04\/Berocc-1-225x300.jpg 225w, https:\/\/www.asemer.ro\/wp-content\/uploads\/2024\/04\/Berocc-1-576x768.jpg 576w, https:\/\/www.asemer.ro\/wp-content\/uploads\/2024\/04\/Berocc-1-1152x1536.jpg 1152w, https:\/\/www.asemer.ro\/wp-content\/uploads\/2024\/04\/Berocc-1-720x960.jpg 720w, https:\/\/www.asemer.ro\/wp-content\/uploads\/2024\/04\/Berocc-1.jpg 1200w\" sizes=\"auto, (max-width: 768px) 100vw, 768px\" \/><\/figure>\n","protected":false},"featured_media":10340,"template":"","meta":[],"event_listing_category":[291],"event_listing_type":[275],"class_list":["post-10339","event_listing","type-event_listing","status-publish","has-post-thumbnail","hentry","event_listing_category-business-professional-2024","event_listing_type-concert-or-performance"],"yoast_head":"<!-- This site is optimized with the Yoast SEO plugin v27.5 - https:\/\/yoast.com\/product\/yoast-seo-wordpress\/ -->\n<title>CONCIERTO CINESTESIA, 22 DE ABRIL - ASEMER<\/title>\n<meta name=\"robots\" content=\"index, follow, max-snippet:-1, max-image-preview:large, max-video-preview:-1\" \/>\n<link rel=\"canonical\" href=\"https:\/\/www.asemer.ro\/index.php\/event\/concierto-cinestesia-22-de-abril\/\" \/>\n<meta property=\"og:locale\" content=\"es_ES\" \/>\n<meta property=\"og:type\" content=\"article\" \/>\n<meta property=\"og:title\" content=\"CONCIERTO CINESTESIA, 22 DE ABRIL - ASEMER\" \/>\n<meta property=\"og:description\" content=\"Asemer tiene el honor de participar como invitado especial al lado de La C\u00e1mara de Comercio Bilateral de B\u00e9lgica el [&hellip;]\" \/>\n<meta property=\"og:url\" content=\"https:\/\/www.asemer.ro\/index.php\/event\/concierto-cinestesia-22-de-abril\/\" \/>\n<meta property=\"og:site_name\" content=\"ASEMER\" \/>\n<meta property=\"article:publisher\" content=\"https:\/\/www.facebook.com\/asociacionasemer\" \/>\n<meta property=\"article:modified_time\" content=\"2024-04-15T09:04:49+00:00\" \/>\n<meta property=\"og:image\" content=\"https:\/\/www.asemer.ro\/wp-content\/uploads\/2024\/04\/Berocc-1.jpg\" \/>\n\t<meta property=\"og:image:width\" content=\"1200\" \/>\n\t<meta property=\"og:image:height\" content=\"1600\" \/>\n\t<meta property=\"og:image:type\" content=\"image\/jpeg\" \/>\n<meta name=\"twitter:card\" content=\"summary_large_image\" \/>\n<meta name=\"twitter:site\" content=\"@asemer_rumania\" \/>\n<meta name=\"twitter:label1\" content=\"Tiempo de lectura\" \/>\n\t<meta name=\"twitter:data1\" content=\"1 minuto\" \/>\n<script type=\"application\/ld+json\" class=\"yoast-schema-graph\">{\"@context\":\"https:\\\/\\\/schema.org\",\"@graph\":[{\"@type\":\"WebPage\",\"@id\":\"https:\\\/\\\/www.asemer.ro\\\/index.php\\\/event\\\/concierto-cinestesia-22-de-abril\\\/\",\"url\":\"https:\\\/\\\/www.asemer.ro\\\/index.php\\\/event\\\/concierto-cinestesia-22-de-abril\\\/\",\"name\":\"CONCIERTO CINESTESIA, 22 DE ABRIL - ASEMER\",\"isPartOf\":{\"@id\":\"https:\\\/\\\/www.asemer.ro\\\/#website\"},\"primaryImageOfPage\":{\"@id\":\"https:\\\/\\\/www.asemer.ro\\\/index.php\\\/event\\\/concierto-cinestesia-22-de-abril\\\/#primaryimage\"},\"image\":{\"@id\":\"https:\\\/\\\/www.asemer.ro\\\/index.php\\\/event\\\/concierto-cinestesia-22-de-abril\\\/#primaryimage\"},\"thumbnailUrl\":\"https:\\\/\\\/www.asemer.ro\\\/wp-content\\\/uploads\\\/2024\\\/04\\\/Berocc-1.jpg\",\"datePublished\":\"2024-04-15T09:02:52+00:00\",\"dateModified\":\"2024-04-15T09:04:49+00:00\",\"breadcrumb\":{\"@id\":\"https:\\\/\\\/www.asemer.ro\\\/index.php\\\/event\\\/concierto-cinestesia-22-de-abril\\\/#breadcrumb\"},\"inLanguage\":\"es\",\"potentialAction\":[{\"@type\":\"ReadAction\",\"target\":[\"https:\\\/\\\/www.asemer.ro\\\/index.php\\\/event\\\/concierto-cinestesia-22-de-abril\\\/\"]}]},{\"@type\":\"ImageObject\",\"inLanguage\":\"es\",\"@id\":\"https:\\\/\\\/www.asemer.ro\\\/index.php\\\/event\\\/concierto-cinestesia-22-de-abril\\\/#primaryimage\",\"url\":\"https:\\\/\\\/www.asemer.ro\\\/wp-content\\\/uploads\\\/2024\\\/04\\\/Berocc-1.jpg\",\"contentUrl\":\"https:\\\/\\\/www.asemer.ro\\\/wp-content\\\/uploads\\\/2024\\\/04\\\/Berocc-1.jpg\",\"width\":1200,\"height\":1600},{\"@type\":\"BreadcrumbList\",\"@id\":\"https:\\\/\\\/www.asemer.ro\\\/index.php\\\/event\\\/concierto-cinestesia-22-de-abril\\\/#breadcrumb\",\"itemListElement\":[{\"@type\":\"ListItem\",\"position\":1,\"name\":\"Home\",\"item\":\"https:\\\/\\\/www.asemer.ro\\\/\"},{\"@type\":\"ListItem\",\"position\":2,\"name\":\"CONCIERTO CINESTESIA, 22 DE ABRIL\"}]},{\"@type\":\"WebSite\",\"@id\":\"https:\\\/\\\/www.asemer.ro\\\/#website\",\"url\":\"https:\\\/\\\/www.asemer.ro\\\/\",\"name\":\"ASEMER\",\"description\":\"Asociaci\u00f3n de Empresas Espa\u00f1olas en Ruman\u00eda\",\"publisher\":{\"@id\":\"https:\\\/\\\/www.asemer.ro\\\/#organization\"},\"potentialAction\":[{\"@type\":\"SearchAction\",\"target\":{\"@type\":\"EntryPoint\",\"urlTemplate\":\"https:\\\/\\\/www.asemer.ro\\\/?s={search_term_string}\"},\"query-input\":{\"@type\":\"PropertyValueSpecification\",\"valueRequired\":true,\"valueName\":\"search_term_string\"}}],\"inLanguage\":\"es\"},{\"@type\":\"Organization\",\"@id\":\"https:\\\/\\\/www.asemer.ro\\\/#organization\",\"name\":\"ASEMER\",\"url\":\"https:\\\/\\\/www.asemer.ro\\\/\",\"logo\":{\"@type\":\"ImageObject\",\"inLanguage\":\"es\",\"@id\":\"https:\\\/\\\/www.asemer.ro\\\/#\\\/schema\\\/logo\\\/image\\\/\",\"url\":\"https:\\\/\\\/www.asemer.ro\\\/wp-content\\\/uploads\\\/2020\\\/12\\\/logo-ASEMER-scaled.jpg\",\"contentUrl\":\"https:\\\/\\\/www.asemer.ro\\\/wp-content\\\/uploads\\\/2020\\\/12\\\/logo-ASEMER-scaled.jpg\",\"width\":2560,\"height\":849,\"caption\":\"ASEMER\"},\"image\":{\"@id\":\"https:\\\/\\\/www.asemer.ro\\\/#\\\/schema\\\/logo\\\/image\\\/\"},\"sameAs\":[\"https:\\\/\\\/www.facebook.com\\\/asociacionasemer\",\"https:\\\/\\\/x.com\\\/asemer_rumania\",\"https:\\\/\\\/ro.linkedin.com\\\/in\\\/asemer-asociaci\u00f3n-empresas-espa\u00f1olas-en-ruman\u00eda-724772a6?trk=author_mini-profile_title\",\"https:\\\/\\\/www.youtube.com\\\/channel\\\/UC73m8-BDsg857OL0Ogv5aQA\\\/videos\"]}]}<\/script>\n<!-- \/ Yoast SEO plugin. -->","yoast_head_json":{"title":"CONCIERTO CINESTESIA, 22 DE ABRIL - ASEMER","robots":{"index":"index","follow":"follow","max-snippet":"max-snippet:-1","max-image-preview":"max-image-preview:large","max-video-preview":"max-video-preview:-1"},"canonical":"https:\/\/www.asemer.ro\/index.php\/event\/concierto-cinestesia-22-de-abril\/","og_locale":"es_ES","og_type":"article","og_title":"CONCIERTO CINESTESIA, 22 DE ABRIL - ASEMER","og_description":"Asemer tiene el honor de participar como invitado especial al lado de La C\u00e1mara de Comercio Bilateral de B\u00e9lgica el [&hellip;]","og_url":"https:\/\/www.asemer.ro\/index.php\/event\/concierto-cinestesia-22-de-abril\/","og_site_name":"ASEMER","article_publisher":"https:\/\/www.facebook.com\/asociacionasemer","article_modified_time":"2024-04-15T09:04:49+00:00","og_image":[{"width":1200,"height":1600,"url":"https:\/\/www.asemer.ro\/wp-content\/uploads\/2024\/04\/Berocc-1.jpg","type":"image\/jpeg"}],"twitter_card":"summary_large_image","twitter_site":"@asemer_rumania","twitter_misc":{"Tiempo de lectura":"1 minuto"},"schema":{"@context":"https:\/\/schema.org","@graph":[{"@type":"WebPage","@id":"https:\/\/www.asemer.ro\/index.php\/event\/concierto-cinestesia-22-de-abril\/","url":"https:\/\/www.asemer.ro\/index.php\/event\/concierto-cinestesia-22-de-abril\/","name":"CONCIERTO CINESTESIA, 22 DE ABRIL - ASEMER","isPartOf":{"@id":"https:\/\/www.asemer.ro\/#website"},"primaryImageOfPage":{"@id":"https:\/\/www.asemer.ro\/index.php\/event\/concierto-cinestesia-22-de-abril\/#primaryimage"},"image":{"@id":"https:\/\/www.asemer.ro\/index.php\/event\/concierto-cinestesia-22-de-abril\/#primaryimage"},"thumbnailUrl":"https:\/\/www.asemer.ro\/wp-content\/uploads\/2024\/04\/Berocc-1.jpg","datePublished":"2024-04-15T09:02:52+00:00","dateModified":"2024-04-15T09:04:49+00:00","breadcrumb":{"@id":"https:\/\/www.asemer.ro\/index.php\/event\/concierto-cinestesia-22-de-abril\/#breadcrumb"},"inLanguage":"es","potentialAction":[{"@type":"ReadAction","target":["https:\/\/www.asemer.ro\/index.php\/event\/concierto-cinestesia-22-de-abril\/"]}]},{"@type":"ImageObject","inLanguage":"es","@id":"https:\/\/www.asemer.ro\/index.php\/event\/concierto-cinestesia-22-de-abril\/#primaryimage","url":"https:\/\/www.asemer.ro\/wp-content\/uploads\/2024\/04\/Berocc-1.jpg","contentUrl":"https:\/\/www.asemer.ro\/wp-content\/uploads\/2024\/04\/Berocc-1.jpg","width":1200,"height":1600},{"@type":"BreadcrumbList","@id":"https:\/\/www.asemer.ro\/index.php\/event\/concierto-cinestesia-22-de-abril\/#breadcrumb","itemListElement":[{"@type":"ListItem","position":1,"name":"Home","item":"https:\/\/www.asemer.ro\/"},{"@type":"ListItem","position":2,"name":"CONCIERTO CINESTESIA, 22 DE ABRIL"}]},{"@type":"WebSite","@id":"https:\/\/www.asemer.ro\/#website","url":"https:\/\/www.asemer.ro\/","name":"ASEMER","description":"Asociaci\u00f3n de Empresas Espa\u00f1olas en Ruman\u00eda","publisher":{"@id":"https:\/\/www.asemer.ro\/#organization"},"potentialAction":[{"@type":"SearchAction","target":{"@type":"EntryPoint","urlTemplate":"https:\/\/www.asemer.ro\/?s={search_term_string}"},"query-input":{"@type":"PropertyValueSpecification","valueRequired":true,"valueName":"search_term_string"}}],"inLanguage":"es"},{"@type":"Organization","@id":"https:\/\/www.asemer.ro\/#organization","name":"ASEMER","url":"https:\/\/www.asemer.ro\/","logo":{"@type":"ImageObject","inLanguage":"es","@id":"https:\/\/www.asemer.ro\/#\/schema\/logo\/image\/","url":"https:\/\/www.asemer.ro\/wp-content\/uploads\/2020\/12\/logo-ASEMER-scaled.jpg","contentUrl":"https:\/\/www.asemer.ro\/wp-content\/uploads\/2020\/12\/logo-ASEMER-scaled.jpg","width":2560,"height":849,"caption":"ASEMER"},"image":{"@id":"https:\/\/www.asemer.ro\/#\/schema\/logo\/image\/"},"sameAs":["https:\/\/www.facebook.com\/asociacionasemer","https:\/\/x.com\/asemer_rumania","https:\/\/ro.linkedin.com\/in\/asemer-asociaci\u00f3n-empresas-espa\u00f1olas-en-ruman\u00eda-724772a6?trk=author_mini-profile_title","https:\/\/www.youtube.com\/channel\/UC73m8-BDsg857OL0Ogv5aQA\/videos"]}]}},"_links":{"self":[{"href":"https:\/\/www.asemer.ro\/index.php\/wp-json\/wp\/v2\/event_listing\/10339","targetHints":{"allow":["GET"]}}],"collection":[{"href":"https:\/\/www.asemer.ro\/index.php\/wp-json\/wp\/v2\/event_listing"}],"about":[{"href":"https:\/\/www.asemer.ro\/index.php\/wp-json\/wp\/v2\/types\/event_listing"}],"wp:featuredmedia":[{"embeddable":true,"href":"https:\/\/www.asemer.ro\/index.php\/wp-json\/wp\/v2\/media\/10340"}],"wp:attachment":[{"href":"https:\/\/www.asemer.ro\/index.php\/wp-json\/wp\/v2\/media?parent=10339"}],"wp:term":[{"taxonomy":"event_listing_category","embeddable":true,"href":"https:\/\/www.asemer.ro\/index.php\/wp-json\/wp\/v2\/event_listing_category?post=10339"},{"taxonomy":"event_listing_type","embeddable":true,"href":"https:\/\/www.asemer.ro\/index.php\/wp-json\/wp\/v2\/event_listing_type?post=10339"}],"curies":[{"name":"wp","href":"https:\/\/api.w.org\/{rel}","templated":true}]}}

<p>Asemer tiene el honor de participar como invitado especial al lado de La Cámara de Comercio Bilateral de Bélgica el próximo 22 de abril en el Hotel Caro, como parte de las festividades de la Semana Belga organizada por la Cámara de Comercio Belga Luxemburgo Rumano Moldova.</p>



<figure class="wp-block-image size-large is-style-default"><img loading="lazy" decoding="async" width="768" height="1024" src="https://www.asemer.ro/wp-content/uploads/2024/04/Berocc-1-768x1024.jpg" alt="" class="wp-image-10340" srcset="https://www.asemer.ro/wp-content/uploads/2024/04/Berocc-1-768x1024.jpg 768w, https://www.asemer.ro/wp-content/uploads/2024/04/Berocc-1-225x300.jpg 225w, https://www.asemer.ro/wp-content/uploads/2024/04/Berocc-1-576x768.jpg 576w, https://www.asemer.ro/wp-content/uploads/2024/04/Berocc-1-1152x1536.jpg 1152w, https://www.asemer.ro/wp-content/uploads/2024/04/Berocc-1-720x960.jpg 720w, https://www.asemer.ro/wp-content/uploads/2024/04/Berocc-1.jpg 1200w" sizes="auto, (max-width: 768px) 100vw, 768px" /></figure>

<!-- This site is optimized with the Yoast SEO plugin v27.5 - https://yoast.com/product/yoast-seo-wordpress/ -->
<title>CONCIERTO CINESTESIA, 22 DE ABRIL - ASEMER</title>
<meta name="robots" content="index, follow, max-snippet:-1, max-image-preview:large, max-video-preview:-1" />
<link rel="canonical" href="https://www.asemer.ro/index.php/event/concierto-cinestesia-22-de-abril/" />
<meta property="og:locale" content="es_ES" />
<meta property="og:type" content="article" />
<meta property="og:title" content="CONCIERTO CINESTESIA, 22 DE ABRIL - ASEMER" />
<meta property="og:description" content="Asemer tiene el honor de participar como invitado especial al lado de La Cámara de Comercio Bilateral de Bélgica el [&hellip;]" />
<meta property="og:url" content="https://www.asemer.ro/index.php/event/concierto-cinestesia-22-de-abril/" />
<meta property="og:site_name" content="ASEMER" />
<meta property="article:publisher" content="https://www.facebook.com/asociacionasemer" />
<meta property="article:modified_time" content="2024-04-15T09:04:49+00:00" />
<meta property="og:image" content="https://www.asemer.ro/wp-content/uploads/2024/04/Berocc-1.jpg" />
	<meta property="og:image:width" content="1200" />
	<meta property="og:image:height" content="1600" />
	<meta property="og:image:type" content="image/jpeg" />
<meta name="twitter:card" content="summary_large_image" />
<meta name="twitter:site" content="@asemer_rumania" />
<meta name="twitter:label1" content="Tiempo de lectura" />
	<meta name="twitter:data1" content="1 minuto" />
<script type="application/ld+json" class="yoast-schema-graph">{"@context":"https:\/\/schema.org","@graph":[{"@type":"WebPage","@id":"https:\/\/www.asemer.ro\/index.php\/event\/concierto-cinestesia-22-de-abril\/","url":"https:\/\/www.asemer.ro\/index.php\/event\/concierto-cinestesia-22-de-abril\/","name":"CONCIERTO CINESTESIA, 22 DE ABRIL - ASEMER","isPartOf":{"@id":"https:\/\/www.asemer.ro\/#website"},"primaryImageOfPage":{"@id":"https:\/\/www.asemer.ro\/index.php\/event\/concierto-cinestesia-22-de-abril\/#primaryimage"},"image":{"@id":"https:\/\/www.asemer.ro\/index.php\/event\/concierto-cinestesia-22-de-abril\/#primaryimage"},"thumbnailUrl":"https:\/\/www.asemer.ro\/wp-content\/uploads\/2024\/04\/Berocc-1.jpg","datePublished":"2024-04-15T09:02:52+00:00","dateModified":"2024-04-15T09:04:49+00:00","breadcrumb":{"@id":"https:\/\/www.asemer.ro\/index.php\/event\/concierto-cinestesia-22-de-abril\/#breadcrumb"},"inLanguage":"es","potentialAction":[{"@type":"ReadAction","target":["https:\/\/www.asemer.ro\/index.php\/event\/concierto-cinestesia-22-de-abril\/"]}]},{"@type":"ImageObject","inLanguage":"es","@id":"https:\/\/www.asemer.ro\/index.php\/event\/concierto-cinestesia-22-de-abril\/#primaryimage","url":"https:\/\/www.asemer.ro\/wp-content\/uploads\/2024\/04\/Berocc-1.jpg","contentUrl":"https:\/\/www.asemer.ro\/wp-content\/uploads\/2024\/04\/Berocc-1.jpg","width":1200,"height":1600},{"@type":"BreadcrumbList","@id":"https:\/\/www.asemer.ro\/index.php\/event\/concierto-cinestesia-22-de-abril\/#breadcrumb","itemListElement":[{"@type":"ListItem","position":1,"name":"Home","item":"https:\/\/www.asemer.ro\/"},{"@type":"ListItem","position":2,"name":"CONCIERTO CINESTESIA, 22 DE ABRIL"}]},{"@type":"WebSite","@id":"https:\/\/www.asemer.ro\/#website","url":"https:\/\/www.asemer.ro\/","name":"ASEMER","description":"Asociación de Empresas Españolas en Rumanía","publisher":{"@id":"https:\/\/www.asemer.ro\/#organization"},"potentialAction":[{"@type":"SearchAction","target":{"@type":"EntryPoint","urlTemplate":"https:\/\/www.asemer.ro\/?s={search_term_string}"},"query-input":{"@type":"PropertyValueSpecification","valueRequired":true,"valueName":"search_term_string"}}],"inLanguage":"es"},{"@type":"Organization","@id":"https:\/\/www.asemer.ro\/#organization","name":"ASEMER","url":"https:\/\/www.asemer.ro\/","logo":{"@type":"ImageObject","inLanguage":"es","@id":"https:\/\/www.asemer.ro\/#\/schema\/logo\/image\/","url":"https:\/\/www.asemer.ro\/wp-content\/uploads\/2020\/12\/logo-ASEMER-scaled.jpg","contentUrl":"https:\/\/www.asemer.ro\/wp-content\/uploads\/2020\/12\/logo-ASEMER-scaled.jpg","width":2560,"height":849,"caption":"ASEMER"},"image":{"@id":"https:\/\/www.asemer.ro\/#\/schema\/logo\/image\/"},"sameAs":["https:\/\/www.facebook.com\/asociacionasemer","https:\/\/x.com\/asemer_rumania","https:\/\/ro.linkedin.com\/in\/asemer-asociación-empresas-españolas-en-rumanía-724772a6?trk=author_mini-profile_title","https:\/\/www.youtube.com\/channel\/UC73m8-BDsg857OL0Ogv5aQA\/videos"]}]}</script>
<!-- / Yoast SEO plugin. -->

Asemer tiene el honor de participar como invitado especial al lado de La Cámara de Comercio Bilateral de Bélgica el [&hellip;]

Asociación de Empresas Españolas en Rumanía

https://ro.linkedin.com/in/asemer-asociación-empresas-españolas-en-rumanía-724772a6?trk=author_mini-profile_title
