{"id":12826,"date":"2025-05-15T11:48:33","date_gmt":"2025-05-15T09:48:33","guid":{"rendered":"https:\/\/www.asemer.ro\/?post_type=event_listing&#038;p=12826"},"modified":"2025-07-06T03:38:12","modified_gmt":"2025-07-06T01:38:12","slug":"fiesta-de-verano-2025","status":"publish","type":"event_listing","link":"https:\/\/www.asemer.ro\/index.php\/event\/fiesta-de-verano-2025\/","title":{"rendered":"FIESTA DE VERANO 2025"},"content":{"rendered":"\n<h2 class=\"wp-block-heading\">Fiesta de verano de los miembros de asemer<\/h2>\n\n\n\n<p>Este a\u00f1o 2025 ASEMER &#8211; Asociaci\u00f3n de Empresas Espa\u00f1olas en Ruman\u00eda celebrar\u00e1 su fiesta de verano junto a sus socios el d\u00eda 18 de Julio desde las 18:00 en el restaurante Brera.<\/p>\n\n\n\n<p>No olvides de reservar fecha!<\/p>\n\n\n\n<figure class=\"wp-block-image size-full\"><img loading=\"lazy\" decoding=\"async\" width=\"596\" height=\"843\" src=\"https:\/\/www.asemer.ro\/wp-content\/uploads\/2025\/05\/18-julio.jpg\" alt=\"\" class=\"wp-image-13000\" srcset=\"https:\/\/www.asemer.ro\/wp-content\/uploads\/2025\/05\/18-julio.jpg 596w, https:\/\/www.asemer.ro\/wp-content\/uploads\/2025\/05\/18-julio-212x300.jpg 212w\" sizes=\"auto, (max-width: 596px) 100vw, 596px\" \/><\/figure>\n","protected":false},"featured_media":13000,"template":"","meta":[],"event_listing_category":[343],"event_listing_type":[283],"class_list":["post-12826","event_listing","type-event_listing","status-publish","has-post-thumbnail","hentry","event_listing_category-business-professional-2025","event_listing_type-party-or-social-gathering"],"yoast_head":"<!-- This site is optimized with the Yoast SEO plugin v27.5 - https:\/\/yoast.com\/product\/yoast-seo-wordpress\/ -->\n<title>FIESTA DE VERANO 2025 - ASEMER<\/title>\n<meta name=\"robots\" content=\"index, follow, max-snippet:-1, max-image-preview:large, max-video-preview:-1\" \/>\n<link rel=\"canonical\" href=\"https:\/\/www.asemer.ro\/index.php\/event\/fiesta-de-verano-2025\/\" \/>\n<meta property=\"og:locale\" content=\"es_ES\" \/>\n<meta property=\"og:type\" content=\"article\" \/>\n<meta property=\"og:title\" content=\"FIESTA DE VERANO 2025 - ASEMER\" \/>\n<meta property=\"og:description\" content=\"Fiesta de verano de los miembros de asemer Este a\u00f1o 2025 ASEMER &#8211; Asociaci\u00f3n de Empresas Espa\u00f1olas en Ruman\u00eda celebrar\u00e1 [&hellip;]\" \/>\n<meta property=\"og:url\" content=\"https:\/\/www.asemer.ro\/index.php\/event\/fiesta-de-verano-2025\/\" \/>\n<meta property=\"og:site_name\" content=\"ASEMER\" \/>\n<meta property=\"article:publisher\" content=\"https:\/\/www.facebook.com\/asociacionasemer\" \/>\n<meta property=\"article:modified_time\" content=\"2025-07-06T01:38:12+00:00\" \/>\n<meta property=\"og:image\" content=\"https:\/\/www.asemer.ro\/wp-content\/uploads\/2025\/05\/18-julio.jpg\" \/>\n\t<meta property=\"og:image:width\" content=\"596\" \/>\n\t<meta property=\"og:image:height\" content=\"843\" \/>\n\t<meta property=\"og:image:type\" content=\"image\/jpeg\" \/>\n<meta name=\"twitter:card\" content=\"summary_large_image\" \/>\n<meta name=\"twitter:site\" content=\"@asemer_rumania\" \/>\n<meta name=\"twitter:label1\" content=\"Tiempo de lectura\" \/>\n\t<meta name=\"twitter:data1\" content=\"1 minuto\" \/>\n<script type=\"application\/ld+json\" class=\"yoast-schema-graph\">{\"@context\":\"https:\\\/\\\/schema.org\",\"@graph\":[{\"@type\":\"WebPage\",\"@id\":\"https:\\\/\\\/www.asemer.ro\\\/index.php\\\/event\\\/fiesta-de-verano-2025\\\/\",\"url\":\"https:\\\/\\\/www.asemer.ro\\\/index.php\\\/event\\\/fiesta-de-verano-2025\\\/\",\"name\":\"FIESTA DE VERANO 2025 - ASEMER\",\"isPartOf\":{\"@id\":\"https:\\\/\\\/www.asemer.ro\\\/#website\"},\"primaryImageOfPage\":{\"@id\":\"https:\\\/\\\/www.asemer.ro\\\/index.php\\\/event\\\/fiesta-de-verano-2025\\\/#primaryimage\"},\"image\":{\"@id\":\"https:\\\/\\\/www.asemer.ro\\\/index.php\\\/event\\\/fiesta-de-verano-2025\\\/#primaryimage\"},\"thumbnailUrl\":\"https:\\\/\\\/www.asemer.ro\\\/wp-content\\\/uploads\\\/2025\\\/05\\\/18-julio.jpg\",\"datePublished\":\"2025-05-15T09:48:33+00:00\",\"dateModified\":\"2025-07-06T01:38:12+00:00\",\"breadcrumb\":{\"@id\":\"https:\\\/\\\/www.asemer.ro\\\/index.php\\\/event\\\/fiesta-de-verano-2025\\\/#breadcrumb\"},\"inLanguage\":\"es\",\"potentialAction\":[{\"@type\":\"ReadAction\",\"target\":[\"https:\\\/\\\/www.asemer.ro\\\/index.php\\\/event\\\/fiesta-de-verano-2025\\\/\"]}]},{\"@type\":\"ImageObject\",\"inLanguage\":\"es\",\"@id\":\"https:\\\/\\\/www.asemer.ro\\\/index.php\\\/event\\\/fiesta-de-verano-2025\\\/#primaryimage\",\"url\":\"https:\\\/\\\/www.asemer.ro\\\/wp-content\\\/uploads\\\/2025\\\/05\\\/18-julio.jpg\",\"contentUrl\":\"https:\\\/\\\/www.asemer.ro\\\/wp-content\\\/uploads\\\/2025\\\/05\\\/18-julio.jpg\",\"width\":596,\"height\":843},{\"@type\":\"BreadcrumbList\",\"@id\":\"https:\\\/\\\/www.asemer.ro\\\/index.php\\\/event\\\/fiesta-de-verano-2025\\\/#breadcrumb\",\"itemListElement\":[{\"@type\":\"ListItem\",\"position\":1,\"name\":\"Home\",\"item\":\"https:\\\/\\\/www.asemer.ro\\\/\"},{\"@type\":\"ListItem\",\"position\":2,\"name\":\"FIESTA DE VERANO 2025\"}]},{\"@type\":\"WebSite\",\"@id\":\"https:\\\/\\\/www.asemer.ro\\\/#website\",\"url\":\"https:\\\/\\\/www.asemer.ro\\\/\",\"name\":\"ASEMER\",\"description\":\"Asociaci\u00f3n de Empresas Espa\u00f1olas en Ruman\u00eda\",\"publisher\":{\"@id\":\"https:\\\/\\\/www.asemer.ro\\\/#organization\"},\"potentialAction\":[{\"@type\":\"SearchAction\",\"target\":{\"@type\":\"EntryPoint\",\"urlTemplate\":\"https:\\\/\\\/www.asemer.ro\\\/?s={search_term_string}\"},\"query-input\":{\"@type\":\"PropertyValueSpecification\",\"valueRequired\":true,\"valueName\":\"search_term_string\"}}],\"inLanguage\":\"es\"},{\"@type\":\"Organization\",\"@id\":\"https:\\\/\\\/www.asemer.ro\\\/#organization\",\"name\":\"ASEMER\",\"url\":\"https:\\\/\\\/www.asemer.ro\\\/\",\"logo\":{\"@type\":\"ImageObject\",\"inLanguage\":\"es\",\"@id\":\"https:\\\/\\\/www.asemer.ro\\\/#\\\/schema\\\/logo\\\/image\\\/\",\"url\":\"https:\\\/\\\/www.asemer.ro\\\/wp-content\\\/uploads\\\/2020\\\/12\\\/logo-ASEMER-scaled.jpg\",\"contentUrl\":\"https:\\\/\\\/www.asemer.ro\\\/wp-content\\\/uploads\\\/2020\\\/12\\\/logo-ASEMER-scaled.jpg\",\"width\":2560,\"height\":849,\"caption\":\"ASEMER\"},\"image\":{\"@id\":\"https:\\\/\\\/www.asemer.ro\\\/#\\\/schema\\\/logo\\\/image\\\/\"},\"sameAs\":[\"https:\\\/\\\/www.facebook.com\\\/asociacionasemer\",\"https:\\\/\\\/x.com\\\/asemer_rumania\",\"https:\\\/\\\/ro.linkedin.com\\\/in\\\/asemer-asociaci\u00f3n-empresas-espa\u00f1olas-en-ruman\u00eda-724772a6?trk=author_mini-profile_title\",\"https:\\\/\\\/www.youtube.com\\\/channel\\\/UC73m8-BDsg857OL0Ogv5aQA\\\/videos\"]}]}<\/script>\n<!-- \/ Yoast SEO plugin. -->","yoast_head_json":{"title":"FIESTA DE VERANO 2025 - ASEMER","robots":{"index":"index","follow":"follow","max-snippet":"max-snippet:-1","max-image-preview":"max-image-preview:large","max-video-preview":"max-video-preview:-1"},"canonical":"https:\/\/www.asemer.ro\/index.php\/event\/fiesta-de-verano-2025\/","og_locale":"es_ES","og_type":"article","og_title":"FIESTA DE VERANO 2025 - ASEMER","og_description":"Fiesta de verano de los miembros de asemer Este a\u00f1o 2025 ASEMER &#8211; Asociaci\u00f3n de Empresas Espa\u00f1olas en Ruman\u00eda celebrar\u00e1 [&hellip;]","og_url":"https:\/\/www.asemer.ro\/index.php\/event\/fiesta-de-verano-2025\/","og_site_name":"ASEMER","article_publisher":"https:\/\/www.facebook.com\/asociacionasemer","article_modified_time":"2025-07-06T01:38:12+00:00","og_image":[{"width":596,"height":843,"url":"https:\/\/www.asemer.ro\/wp-content\/uploads\/2025\/05\/18-julio.jpg","type":"image\/jpeg"}],"twitter_card":"summary_large_image","twitter_site":"@asemer_rumania","twitter_misc":{"Tiempo de lectura":"1 minuto"},"schema":{"@context":"https:\/\/schema.org","@graph":[{"@type":"WebPage","@id":"https:\/\/www.asemer.ro\/index.php\/event\/fiesta-de-verano-2025\/","url":"https:\/\/www.asemer.ro\/index.php\/event\/fiesta-de-verano-2025\/","name":"FIESTA DE VERANO 2025 - ASEMER","isPartOf":{"@id":"https:\/\/www.asemer.ro\/#website"},"primaryImageOfPage":{"@id":"https:\/\/www.asemer.ro\/index.php\/event\/fiesta-de-verano-2025\/#primaryimage"},"image":{"@id":"https:\/\/www.asemer.ro\/index.php\/event\/fiesta-de-verano-2025\/#primaryimage"},"thumbnailUrl":"https:\/\/www.asemer.ro\/wp-content\/uploads\/2025\/05\/18-julio.jpg","datePublished":"2025-05-15T09:48:33+00:00","dateModified":"2025-07-06T01:38:12+00:00","breadcrumb":{"@id":"https:\/\/www.asemer.ro\/index.php\/event\/fiesta-de-verano-2025\/#breadcrumb"},"inLanguage":"es","potentialAction":[{"@type":"ReadAction","target":["https:\/\/www.asemer.ro\/index.php\/event\/fiesta-de-verano-2025\/"]}]},{"@type":"ImageObject","inLanguage":"es","@id":"https:\/\/www.asemer.ro\/index.php\/event\/fiesta-de-verano-2025\/#primaryimage","url":"https:\/\/www.asemer.ro\/wp-content\/uploads\/2025\/05\/18-julio.jpg","contentUrl":"https:\/\/www.asemer.ro\/wp-content\/uploads\/2025\/05\/18-julio.jpg","width":596,"height":843},{"@type":"BreadcrumbList","@id":"https:\/\/www.asemer.ro\/index.php\/event\/fiesta-de-verano-2025\/#breadcrumb","itemListElement":[{"@type":"ListItem","position":1,"name":"Home","item":"https:\/\/www.asemer.ro\/"},{"@type":"ListItem","position":2,"name":"FIESTA DE VERANO 2025"}]},{"@type":"WebSite","@id":"https:\/\/www.asemer.ro\/#website","url":"https:\/\/www.asemer.ro\/","name":"ASEMER","description":"Asociaci\u00f3n de Empresas Espa\u00f1olas en Ruman\u00eda","publisher":{"@id":"https:\/\/www.asemer.ro\/#organization"},"potentialAction":[{"@type":"SearchAction","target":{"@type":"EntryPoint","urlTemplate":"https:\/\/www.asemer.ro\/?s={search_term_string}"},"query-input":{"@type":"PropertyValueSpecification","valueRequired":true,"valueName":"search_term_string"}}],"inLanguage":"es"},{"@type":"Organization","@id":"https:\/\/www.asemer.ro\/#organization","name":"ASEMER","url":"https:\/\/www.asemer.ro\/","logo":{"@type":"ImageObject","inLanguage":"es","@id":"https:\/\/www.asemer.ro\/#\/schema\/logo\/image\/","url":"https:\/\/www.asemer.ro\/wp-content\/uploads\/2020\/12\/logo-ASEMER-scaled.jpg","contentUrl":"https:\/\/www.asemer.ro\/wp-content\/uploads\/2020\/12\/logo-ASEMER-scaled.jpg","width":2560,"height":849,"caption":"ASEMER"},"image":{"@id":"https:\/\/www.asemer.ro\/#\/schema\/logo\/image\/"},"sameAs":["https:\/\/www.facebook.com\/asociacionasemer","https:\/\/x.com\/asemer_rumania","https:\/\/ro.linkedin.com\/in\/asemer-asociaci\u00f3n-empresas-espa\u00f1olas-en-ruman\u00eda-724772a6?trk=author_mini-profile_title","https:\/\/www.youtube.com\/channel\/UC73m8-BDsg857OL0Ogv5aQA\/videos"]}]}},"_links":{"self":[{"href":"https:\/\/www.asemer.ro\/index.php\/wp-json\/wp\/v2\/event_listing\/12826","targetHints":{"allow":["GET"]}}],"collection":[{"href":"https:\/\/www.asemer.ro\/index.php\/wp-json\/wp\/v2\/event_listing"}],"about":[{"href":"https:\/\/www.asemer.ro\/index.php\/wp-json\/wp\/v2\/types\/event_listing"}],"wp:featuredmedia":[{"embeddable":true,"href":"https:\/\/www.asemer.ro\/index.php\/wp-json\/wp\/v2\/media\/13000"}],"wp:attachment":[{"href":"https:\/\/www.asemer.ro\/index.php\/wp-json\/wp\/v2\/media?parent=12826"}],"wp:term":[{"taxonomy":"event_listing_category","embeddable":true,"href":"https:\/\/www.asemer.ro\/index.php\/wp-json\/wp\/v2\/event_listing_category?post=12826"},{"taxonomy":"event_listing_type","embeddable":true,"href":"https:\/\/www.asemer.ro\/index.php\/wp-json\/wp\/v2\/event_listing_type?post=12826"}],"curies":[{"name":"wp","href":"https:\/\/api.w.org\/{rel}","templated":true}]}}

<h2 class="wp-block-heading">Fiesta de verano de los miembros de asemer</h2>



<p>Este año 2025 ASEMER &#8211; Asociación de Empresas Españolas en Rumanía celebrará su fiesta de verano junto a sus socios el día 18 de Julio desde las 18:00 en el restaurante Brera.</p>



<p>No olvides de reservar fecha!</p>



<figure class="wp-block-image size-full"><img loading="lazy" decoding="async" width="596" height="843" src="https://www.asemer.ro/wp-content/uploads/2025/05/18-julio.jpg" alt="" class="wp-image-13000" srcset="https://www.asemer.ro/wp-content/uploads/2025/05/18-julio.jpg 596w, https://www.asemer.ro/wp-content/uploads/2025/05/18-julio-212x300.jpg 212w" sizes="auto, (max-width: 596px) 100vw, 596px" /></figure>

<!-- This site is optimized with the Yoast SEO plugin v27.5 - https://yoast.com/product/yoast-seo-wordpress/ -->
<title>FIESTA DE VERANO 2025 - ASEMER</title>
<meta name="robots" content="index, follow, max-snippet:-1, max-image-preview:large, max-video-preview:-1" />
<link rel="canonical" href="https://www.asemer.ro/index.php/event/fiesta-de-verano-2025/" />
<meta property="og:locale" content="es_ES" />
<meta property="og:type" content="article" />
<meta property="og:title" content="FIESTA DE VERANO 2025 - ASEMER" />
<meta property="og:description" content="Fiesta de verano de los miembros de asemer Este año 2025 ASEMER &#8211; Asociación de Empresas Españolas en Rumanía celebrará [&hellip;]" />
<meta property="og:url" content="https://www.asemer.ro/index.php/event/fiesta-de-verano-2025/" />
<meta property="og:site_name" content="ASEMER" />
<meta property="article:publisher" content="https://www.facebook.com/asociacionasemer" />
<meta property="article:modified_time" content="2025-07-06T01:38:12+00:00" />
<meta property="og:image" content="https://www.asemer.ro/wp-content/uploads/2025/05/18-julio.jpg" />
	<meta property="og:image:width" content="596" />
	<meta property="og:image:height" content="843" />
	<meta property="og:image:type" content="image/jpeg" />
<meta name="twitter:card" content="summary_large_image" />
<meta name="twitter:site" content="@asemer_rumania" />
<meta name="twitter:label1" content="Tiempo de lectura" />
	<meta name="twitter:data1" content="1 minuto" />
<script type="application/ld+json" class="yoast-schema-graph">{"@context":"https:\/\/schema.org","@graph":[{"@type":"WebPage","@id":"https:\/\/www.asemer.ro\/index.php\/event\/fiesta-de-verano-2025\/","url":"https:\/\/www.asemer.ro\/index.php\/event\/fiesta-de-verano-2025\/","name":"FIESTA DE VERANO 2025 - ASEMER","isPartOf":{"@id":"https:\/\/www.asemer.ro\/#website"},"primaryImageOfPage":{"@id":"https:\/\/www.asemer.ro\/index.php\/event\/fiesta-de-verano-2025\/#primaryimage"},"image":{"@id":"https:\/\/www.asemer.ro\/index.php\/event\/fiesta-de-verano-2025\/#primaryimage"},"thumbnailUrl":"https:\/\/www.asemer.ro\/wp-content\/uploads\/2025\/05\/18-julio.jpg","datePublished":"2025-05-15T09:48:33+00:00","dateModified":"2025-07-06T01:38:12+00:00","breadcrumb":{"@id":"https:\/\/www.asemer.ro\/index.php\/event\/fiesta-de-verano-2025\/#breadcrumb"},"inLanguage":"es","potentialAction":[{"@type":"ReadAction","target":["https:\/\/www.asemer.ro\/index.php\/event\/fiesta-de-verano-2025\/"]}]},{"@type":"ImageObject","inLanguage":"es","@id":"https:\/\/www.asemer.ro\/index.php\/event\/fiesta-de-verano-2025\/#primaryimage","url":"https:\/\/www.asemer.ro\/wp-content\/uploads\/2025\/05\/18-julio.jpg","contentUrl":"https:\/\/www.asemer.ro\/wp-content\/uploads\/2025\/05\/18-julio.jpg","width":596,"height":843},{"@type":"BreadcrumbList","@id":"https:\/\/www.asemer.ro\/index.php\/event\/fiesta-de-verano-2025\/#breadcrumb","itemListElement":[{"@type":"ListItem","position":1,"name":"Home","item":"https:\/\/www.asemer.ro\/"},{"@type":"ListItem","position":2,"name":"FIESTA DE VERANO 2025"}]},{"@type":"WebSite","@id":"https:\/\/www.asemer.ro\/#website","url":"https:\/\/www.asemer.ro\/","name":"ASEMER","description":"Asociación de Empresas Españolas en Rumanía","publisher":{"@id":"https:\/\/www.asemer.ro\/#organization"},"potentialAction":[{"@type":"SearchAction","target":{"@type":"EntryPoint","urlTemplate":"https:\/\/www.asemer.ro\/?s={search_term_string}"},"query-input":{"@type":"PropertyValueSpecification","valueRequired":true,"valueName":"search_term_string"}}],"inLanguage":"es"},{"@type":"Organization","@id":"https:\/\/www.asemer.ro\/#organization","name":"ASEMER","url":"https:\/\/www.asemer.ro\/","logo":{"@type":"ImageObject","inLanguage":"es","@id":"https:\/\/www.asemer.ro\/#\/schema\/logo\/image\/","url":"https:\/\/www.asemer.ro\/wp-content\/uploads\/2020\/12\/logo-ASEMER-scaled.jpg","contentUrl":"https:\/\/www.asemer.ro\/wp-content\/uploads\/2020\/12\/logo-ASEMER-scaled.jpg","width":2560,"height":849,"caption":"ASEMER"},"image":{"@id":"https:\/\/www.asemer.ro\/#\/schema\/logo\/image\/"},"sameAs":["https:\/\/www.facebook.com\/asociacionasemer","https:\/\/x.com\/asemer_rumania","https:\/\/ro.linkedin.com\/in\/asemer-asociación-empresas-españolas-en-rumanía-724772a6?trk=author_mini-profile_title","https:\/\/www.youtube.com\/channel\/UC73m8-BDsg857OL0Ogv5aQA\/videos"]}]}</script>
<!-- / Yoast SEO plugin. -->

Fiesta de verano de los miembros de asemer Este año 2025 ASEMER &#8211; Asociación de Empresas Españolas en Rumanía celebrará [&hellip;]

Asociación de Empresas Españolas en Rumanía

https://ro.linkedin.com/in/asemer-asociación-empresas-españolas-en-rumanía-724772a6?trk=author_mini-profile_title
