{"id":13026,"date":"2025-09-26T01:43:38","date_gmt":"2025-09-25T23:43:38","guid":{"rendered":"https:\/\/www.asemer.ro\/?post_type=event_listing&#038;p=13026"},"modified":"2025-10-11T00:51:42","modified_gmt":"2025-10-10T22:51:42","slug":"sabores-y-ritmos-de-espana-networking","status":"expired","type":"event_listing","link":"https:\/\/www.asemer.ro\/index.php\/event\/sabores-y-ritmos-de-espana-networking\/","title":{"rendered":"Sabores y Ritmos de Espana &amp; Networking"},"content":{"rendered":"\n<p>Avem deosebita pl\u0103cere s\u0103 v\u0103 invit\u0103m s\u0103 celebr\u0103m \u00eempreun\u0103 Ziua Regatului Spaniei, \u00eentr-un eveniment special dedicat gusturilor, ritmurilor \u0219i culturii spaniole.<\/p>\n\n\n\n<p>V\u0103 a\u0219tept\u0103m cu muzic\u0103, dans, delicii culinare \u0219i oportunit\u0103\u021bi de networking, \u00eentr-o atmosfer\u0103 cald\u0103 \u0219i prietenoas\u0103.<\/p>\n\n\n\n<p>\ud83d\udcc5 Data: Vineri, 10 octombrie 2025<\/p>\n\n\n\n<p>\u23f0 Ora: 16:30 \u2013 23:00<\/p>\n\n\n\n<p>\ud83d\udccd Loca\u021bie: Restaurant Brera, Str. Grigore Alexandrescu nr. 77, Bucure\u0219ti<\/p>\n\n\n\n<p>\ud83d\udcb0 Pre\u021b participare:<\/p>\n\n\n\n<p>Membri ASEMER: 250 lei\/persoan\u0103<\/p>\n\n\n\n<p>Non-membri: 280 lei\/persoan\u0103<\/p>\n\n\n\n<p>V\u0103 rug\u0103m s\u0103 confirma\u021bi participarea p\u00e2n\u0103 la 7 octombrie 2025, prin email la adresa <a href=\"mailto:office@asemer.ro\">office@asemer.ro<\/a> sau pe link :<\/p>\n\n\n\n<p><a href=\"https:\/\/docs.google.com\/forms\/d\/e\/1FAIpQLScHFgs-vf-fTu4GVzzcRkIAc8rUuO6hkKqZ_ZbymyqbWcgUAA\/viewform?usp=header\">https:\/\/docs.google.com\/forms\/d\/e\/1FAIpQLScHFgs-vf-fTu4GVzzcRkIAc8rUuO6hkKqZ_ZbymyqbWcgUAA\/viewform?usp=header<\/a><\/p>\n\n\n\n<p>Haide\u021bi s\u0103 s\u0103rb\u0103torim \u00eempreun\u0103 aceast\u0103 zi deosebit\u0103, cu savoarea \u0219i bucuria pe care doar cultura spaniol\u0103 le poate aduce!<\/p>\n\n\n\n<p><\/p>\n","protected":false},"featured_media":13027,"template":"","meta":[],"event_listing_category":[343],"event_listing_type":[283],"class_list":["post-13026","event_listing","type-event_listing","status-expired","has-post-thumbnail","hentry","event_listing_category-business-professional-2025","event_listing_type-party-or-social-gathering"],"yoast_head":"<!-- This site is optimized with the Yoast SEO plugin v27.5 - https:\/\/yoast.com\/product\/yoast-seo-wordpress\/ -->\n<title>Sabores y Ritmos de Espana &amp; Networking - ASEMER<\/title>\n<meta name=\"robots\" content=\"index, follow, max-snippet:-1, max-image-preview:large, max-video-preview:-1\" \/>\n<link rel=\"canonical\" href=\"https:\/\/www.asemer.ro\/index.php\/event\/sabores-y-ritmos-de-espana-networking\/\" \/>\n<meta property=\"og:locale\" content=\"es_ES\" \/>\n<meta property=\"og:type\" content=\"article\" \/>\n<meta property=\"og:title\" content=\"Sabores y Ritmos de Espana &amp; Networking - ASEMER\" \/>\n<meta property=\"og:description\" content=\"Avem deosebita pl\u0103cere s\u0103 v\u0103 invit\u0103m s\u0103 celebr\u0103m \u00eempreun\u0103 Ziua Regatului Spaniei, \u00eentr-un eveniment special dedicat gusturilor, ritmurilor \u0219i culturii [&hellip;]\" \/>\n<meta property=\"og:url\" content=\"https:\/\/www.asemer.ro\/index.php\/event\/sabores-y-ritmos-de-espana-networking\/\" \/>\n<meta property=\"og:site_name\" content=\"ASEMER\" \/>\n<meta property=\"article:publisher\" content=\"https:\/\/www.facebook.com\/asociacionasemer\" \/>\n<meta property=\"article:modified_time\" content=\"2025-10-10T22:51:42+00:00\" \/>\n<meta property=\"og:image\" content=\"https:\/\/www.asemer.ro\/wp-content\/uploads\/2025\/09\/WhatsApp-Image-2025-09-25-at-8.23.43-PM.jpeg\" \/>\n\t<meta property=\"og:image:width\" content=\"1131\" \/>\n\t<meta property=\"og:image:height\" content=\"1600\" \/>\n\t<meta property=\"og:image:type\" content=\"image\/jpeg\" \/>\n<meta name=\"twitter:card\" content=\"summary_large_image\" \/>\n<meta name=\"twitter:site\" content=\"@asemer_rumania\" \/>\n<meta name=\"twitter:label1\" content=\"Tiempo de lectura\" \/>\n\t<meta name=\"twitter:data1\" content=\"1 minuto\" \/>\n<script type=\"application\/ld+json\" class=\"yoast-schema-graph\">{\"@context\":\"https:\\\/\\\/schema.org\",\"@graph\":[{\"@type\":\"WebPage\",\"@id\":\"https:\\\/\\\/www.asemer.ro\\\/index.php\\\/event\\\/sabores-y-ritmos-de-espana-networking\\\/\",\"url\":\"https:\\\/\\\/www.asemer.ro\\\/index.php\\\/event\\\/sabores-y-ritmos-de-espana-networking\\\/\",\"name\":\"Sabores y Ritmos de Espana &amp; Networking - ASEMER\",\"isPartOf\":{\"@id\":\"https:\\\/\\\/www.asemer.ro\\\/#website\"},\"primaryImageOfPage\":{\"@id\":\"https:\\\/\\\/www.asemer.ro\\\/index.php\\\/event\\\/sabores-y-ritmos-de-espana-networking\\\/#primaryimage\"},\"image\":{\"@id\":\"https:\\\/\\\/www.asemer.ro\\\/index.php\\\/event\\\/sabores-y-ritmos-de-espana-networking\\\/#primaryimage\"},\"thumbnailUrl\":\"https:\\\/\\\/www.asemer.ro\\\/wp-content\\\/uploads\\\/2025\\\/09\\\/WhatsApp-Image-2025-09-25-at-8.23.43-PM.jpeg\",\"datePublished\":\"2025-09-25T23:43:38+00:00\",\"dateModified\":\"2025-10-10T22:51:42+00:00\",\"breadcrumb\":{\"@id\":\"https:\\\/\\\/www.asemer.ro\\\/index.php\\\/event\\\/sabores-y-ritmos-de-espana-networking\\\/#breadcrumb\"},\"inLanguage\":\"es\",\"potentialAction\":[{\"@type\":\"ReadAction\",\"target\":[\"https:\\\/\\\/www.asemer.ro\\\/index.php\\\/event\\\/sabores-y-ritmos-de-espana-networking\\\/\"]}]},{\"@type\":\"ImageObject\",\"inLanguage\":\"es\",\"@id\":\"https:\\\/\\\/www.asemer.ro\\\/index.php\\\/event\\\/sabores-y-ritmos-de-espana-networking\\\/#primaryimage\",\"url\":\"https:\\\/\\\/www.asemer.ro\\\/wp-content\\\/uploads\\\/2025\\\/09\\\/WhatsApp-Image-2025-09-25-at-8.23.43-PM.jpeg\",\"contentUrl\":\"https:\\\/\\\/www.asemer.ro\\\/wp-content\\\/uploads\\\/2025\\\/09\\\/WhatsApp-Image-2025-09-25-at-8.23.43-PM.jpeg\",\"width\":1131,\"height\":1600},{\"@type\":\"BreadcrumbList\",\"@id\":\"https:\\\/\\\/www.asemer.ro\\\/index.php\\\/event\\\/sabores-y-ritmos-de-espana-networking\\\/#breadcrumb\",\"itemListElement\":[{\"@type\":\"ListItem\",\"position\":1,\"name\":\"Home\",\"item\":\"https:\\\/\\\/www.asemer.ro\\\/\"},{\"@type\":\"ListItem\",\"position\":2,\"name\":\"Sabores y Ritmos de Espana &amp; Networking\"}]},{\"@type\":\"WebSite\",\"@id\":\"https:\\\/\\\/www.asemer.ro\\\/#website\",\"url\":\"https:\\\/\\\/www.asemer.ro\\\/\",\"name\":\"ASEMER\",\"description\":\"Asociaci\u00f3n de Empresas Espa\u00f1olas en Ruman\u00eda\",\"publisher\":{\"@id\":\"https:\\\/\\\/www.asemer.ro\\\/#organization\"},\"potentialAction\":[{\"@type\":\"SearchAction\",\"target\":{\"@type\":\"EntryPoint\",\"urlTemplate\":\"https:\\\/\\\/www.asemer.ro\\\/?s={search_term_string}\"},\"query-input\":{\"@type\":\"PropertyValueSpecification\",\"valueRequired\":true,\"valueName\":\"search_term_string\"}}],\"inLanguage\":\"es\"},{\"@type\":\"Organization\",\"@id\":\"https:\\\/\\\/www.asemer.ro\\\/#organization\",\"name\":\"ASEMER\",\"url\":\"https:\\\/\\\/www.asemer.ro\\\/\",\"logo\":{\"@type\":\"ImageObject\",\"inLanguage\":\"es\",\"@id\":\"https:\\\/\\\/www.asemer.ro\\\/#\\\/schema\\\/logo\\\/image\\\/\",\"url\":\"https:\\\/\\\/www.asemer.ro\\\/wp-content\\\/uploads\\\/2020\\\/12\\\/logo-ASEMER-scaled.jpg\",\"contentUrl\":\"https:\\\/\\\/www.asemer.ro\\\/wp-content\\\/uploads\\\/2020\\\/12\\\/logo-ASEMER-scaled.jpg\",\"width\":2560,\"height\":849,\"caption\":\"ASEMER\"},\"image\":{\"@id\":\"https:\\\/\\\/www.asemer.ro\\\/#\\\/schema\\\/logo\\\/image\\\/\"},\"sameAs\":[\"https:\\\/\\\/www.facebook.com\\\/asociacionasemer\",\"https:\\\/\\\/x.com\\\/asemer_rumania\",\"https:\\\/\\\/ro.linkedin.com\\\/in\\\/asemer-asociaci\u00f3n-empresas-espa\u00f1olas-en-ruman\u00eda-724772a6?trk=author_mini-profile_title\",\"https:\\\/\\\/www.youtube.com\\\/channel\\\/UC73m8-BDsg857OL0Ogv5aQA\\\/videos\"]}]}<\/script>\n<!-- \/ Yoast SEO plugin. -->","yoast_head_json":{"title":"Sabores y Ritmos de Espana &amp; Networking - ASEMER","robots":{"index":"index","follow":"follow","max-snippet":"max-snippet:-1","max-image-preview":"max-image-preview:large","max-video-preview":"max-video-preview:-1"},"canonical":"https:\/\/www.asemer.ro\/index.php\/event\/sabores-y-ritmos-de-espana-networking\/","og_locale":"es_ES","og_type":"article","og_title":"Sabores y Ritmos de Espana &amp; Networking - ASEMER","og_description":"Avem deosebita pl\u0103cere s\u0103 v\u0103 invit\u0103m s\u0103 celebr\u0103m \u00eempreun\u0103 Ziua Regatului Spaniei, \u00eentr-un eveniment special dedicat gusturilor, ritmurilor \u0219i culturii [&hellip;]","og_url":"https:\/\/www.asemer.ro\/index.php\/event\/sabores-y-ritmos-de-espana-networking\/","og_site_name":"ASEMER","article_publisher":"https:\/\/www.facebook.com\/asociacionasemer","article_modified_time":"2025-10-10T22:51:42+00:00","og_image":[{"width":1131,"height":1600,"url":"https:\/\/www.asemer.ro\/wp-content\/uploads\/2025\/09\/WhatsApp-Image-2025-09-25-at-8.23.43-PM.jpeg","type":"image\/jpeg"}],"twitter_card":"summary_large_image","twitter_site":"@asemer_rumania","twitter_misc":{"Tiempo de lectura":"1 minuto"},"schema":{"@context":"https:\/\/schema.org","@graph":[{"@type":"WebPage","@id":"https:\/\/www.asemer.ro\/index.php\/event\/sabores-y-ritmos-de-espana-networking\/","url":"https:\/\/www.asemer.ro\/index.php\/event\/sabores-y-ritmos-de-espana-networking\/","name":"Sabores y Ritmos de Espana &amp; Networking - ASEMER","isPartOf":{"@id":"https:\/\/www.asemer.ro\/#website"},"primaryImageOfPage":{"@id":"https:\/\/www.asemer.ro\/index.php\/event\/sabores-y-ritmos-de-espana-networking\/#primaryimage"},"image":{"@id":"https:\/\/www.asemer.ro\/index.php\/event\/sabores-y-ritmos-de-espana-networking\/#primaryimage"},"thumbnailUrl":"https:\/\/www.asemer.ro\/wp-content\/uploads\/2025\/09\/WhatsApp-Image-2025-09-25-at-8.23.43-PM.jpeg","datePublished":"2025-09-25T23:43:38+00:00","dateModified":"2025-10-10T22:51:42+00:00","breadcrumb":{"@id":"https:\/\/www.asemer.ro\/index.php\/event\/sabores-y-ritmos-de-espana-networking\/#breadcrumb"},"inLanguage":"es","potentialAction":[{"@type":"ReadAction","target":["https:\/\/www.asemer.ro\/index.php\/event\/sabores-y-ritmos-de-espana-networking\/"]}]},{"@type":"ImageObject","inLanguage":"es","@id":"https:\/\/www.asemer.ro\/index.php\/event\/sabores-y-ritmos-de-espana-networking\/#primaryimage","url":"https:\/\/www.asemer.ro\/wp-content\/uploads\/2025\/09\/WhatsApp-Image-2025-09-25-at-8.23.43-PM.jpeg","contentUrl":"https:\/\/www.asemer.ro\/wp-content\/uploads\/2025\/09\/WhatsApp-Image-2025-09-25-at-8.23.43-PM.jpeg","width":1131,"height":1600},{"@type":"BreadcrumbList","@id":"https:\/\/www.asemer.ro\/index.php\/event\/sabores-y-ritmos-de-espana-networking\/#breadcrumb","itemListElement":[{"@type":"ListItem","position":1,"name":"Home","item":"https:\/\/www.asemer.ro\/"},{"@type":"ListItem","position":2,"name":"Sabores y Ritmos de Espana &amp; Networking"}]},{"@type":"WebSite","@id":"https:\/\/www.asemer.ro\/#website","url":"https:\/\/www.asemer.ro\/","name":"ASEMER","description":"Asociaci\u00f3n de Empresas Espa\u00f1olas en Ruman\u00eda","publisher":{"@id":"https:\/\/www.asemer.ro\/#organization"},"potentialAction":[{"@type":"SearchAction","target":{"@type":"EntryPoint","urlTemplate":"https:\/\/www.asemer.ro\/?s={search_term_string}"},"query-input":{"@type":"PropertyValueSpecification","valueRequired":true,"valueName":"search_term_string"}}],"inLanguage":"es"},{"@type":"Organization","@id":"https:\/\/www.asemer.ro\/#organization","name":"ASEMER","url":"https:\/\/www.asemer.ro\/","logo":{"@type":"ImageObject","inLanguage":"es","@id":"https:\/\/www.asemer.ro\/#\/schema\/logo\/image\/","url":"https:\/\/www.asemer.ro\/wp-content\/uploads\/2020\/12\/logo-ASEMER-scaled.jpg","contentUrl":"https:\/\/www.asemer.ro\/wp-content\/uploads\/2020\/12\/logo-ASEMER-scaled.jpg","width":2560,"height":849,"caption":"ASEMER"},"image":{"@id":"https:\/\/www.asemer.ro\/#\/schema\/logo\/image\/"},"sameAs":["https:\/\/www.facebook.com\/asociacionasemer","https:\/\/x.com\/asemer_rumania","https:\/\/ro.linkedin.com\/in\/asemer-asociaci\u00f3n-empresas-espa\u00f1olas-en-ruman\u00eda-724772a6?trk=author_mini-profile_title","https:\/\/www.youtube.com\/channel\/UC73m8-BDsg857OL0Ogv5aQA\/videos"]}]}},"_links":{"self":[{"href":"https:\/\/www.asemer.ro\/index.php\/wp-json\/wp\/v2\/event_listing\/13026","targetHints":{"allow":["GET"]}}],"collection":[{"href":"https:\/\/www.asemer.ro\/index.php\/wp-json\/wp\/v2\/event_listing"}],"about":[{"href":"https:\/\/www.asemer.ro\/index.php\/wp-json\/wp\/v2\/types\/event_listing"}],"wp:featuredmedia":[{"embeddable":true,"href":"https:\/\/www.asemer.ro\/index.php\/wp-json\/wp\/v2\/media\/13027"}],"wp:attachment":[{"href":"https:\/\/www.asemer.ro\/index.php\/wp-json\/wp\/v2\/media?parent=13026"}],"wp:term":[{"taxonomy":"event_listing_category","embeddable":true,"href":"https:\/\/www.asemer.ro\/index.php\/wp-json\/wp\/v2\/event_listing_category?post=13026"},{"taxonomy":"event_listing_type","embeddable":true,"href":"https:\/\/www.asemer.ro\/index.php\/wp-json\/wp\/v2\/event_listing_type?post=13026"}],"curies":[{"name":"wp","href":"https:\/\/api.w.org\/{rel}","templated":true}]}}

<p>Avem deosebita plăcere să vă invităm să celebrăm împreună Ziua Regatului Spaniei, într-un eveniment special dedicat gusturilor, ritmurilor și culturii spaniole.</p>



<p>Vă așteptăm cu muzică, dans, delicii culinare și oportunități de networking, într-o atmosferă caldă și prietenoasă.</p>



<p>📅 Data: Vineri, 10 octombrie 2025</p>



<p>⏰ Ora: 16:30 – 23:00</p>



<p>📍 Locație: Restaurant Brera, Str. Grigore Alexandrescu nr. 77, București</p>



<p>💰 Preț participare:</p>



<p>Membri ASEMER: 250 lei/persoană</p>



<p>Non-membri: 280 lei/persoană</p>



<p>Vă rugăm să confirmați participarea până la 7 octombrie 2025, prin email la adresa <a href="mailto:office@asemer.ro">office@asemer.ro</a> sau pe link :</p>



<p><a href="https://docs.google.com/forms/d/e/1FAIpQLScHFgs-vf-fTu4GVzzcRkIAc8rUuO6hkKqZ_ZbymyqbWcgUAA/viewform?usp=header">https://docs.google.com/forms/d/e/1FAIpQLScHFgs-vf-fTu4GVzzcRkIAc8rUuO6hkKqZ_ZbymyqbWcgUAA/viewform?usp=header</a></p>



<p>Haideți să sărbătorim împreună această zi deosebită, cu savoarea și bucuria pe care doar cultura spaniolă le poate aduce!</p>



<p></p>

<!-- This site is optimized with the Yoast SEO plugin v27.5 - https://yoast.com/product/yoast-seo-wordpress/ -->
<title>Sabores y Ritmos de Espana &amp; Networking - ASEMER</title>
<meta name="robots" content="index, follow, max-snippet:-1, max-image-preview:large, max-video-preview:-1" />
<link rel="canonical" href="https://www.asemer.ro/index.php/event/sabores-y-ritmos-de-espana-networking/" />
<meta property="og:locale" content="es_ES" />
<meta property="og:type" content="article" />
<meta property="og:title" content="Sabores y Ritmos de Espana &amp; Networking - ASEMER" />
<meta property="og:description" content="Avem deosebita plăcere să vă invităm să celebrăm împreună Ziua Regatului Spaniei, într-un eveniment special dedicat gusturilor, ritmurilor și culturii [&hellip;]" />
<meta property="og:url" content="https://www.asemer.ro/index.php/event/sabores-y-ritmos-de-espana-networking/" />
<meta property="og:site_name" content="ASEMER" />
<meta property="article:publisher" content="https://www.facebook.com/asociacionasemer" />
<meta property="article:modified_time" content="2025-10-10T22:51:42+00:00" />
<meta property="og:image" content="https://www.asemer.ro/wp-content/uploads/2025/09/WhatsApp-Image-2025-09-25-at-8.23.43-PM.jpeg" />
	<meta property="og:image:width" content="1131" />
	<meta property="og:image:height" content="1600" />
	<meta property="og:image:type" content="image/jpeg" />
<meta name="twitter:card" content="summary_large_image" />
<meta name="twitter:site" content="@asemer_rumania" />
<meta name="twitter:label1" content="Tiempo de lectura" />
	<meta name="twitter:data1" content="1 minuto" />
<script type="application/ld+json" class="yoast-schema-graph">{"@context":"https:\/\/schema.org","@graph":[{"@type":"WebPage","@id":"https:\/\/www.asemer.ro\/index.php\/event\/sabores-y-ritmos-de-espana-networking\/","url":"https:\/\/www.asemer.ro\/index.php\/event\/sabores-y-ritmos-de-espana-networking\/","name":"Sabores y Ritmos de Espana &amp; Networking - ASEMER","isPartOf":{"@id":"https:\/\/www.asemer.ro\/#website"},"primaryImageOfPage":{"@id":"https:\/\/www.asemer.ro\/index.php\/event\/sabores-y-ritmos-de-espana-networking\/#primaryimage"},"image":{"@id":"https:\/\/www.asemer.ro\/index.php\/event\/sabores-y-ritmos-de-espana-networking\/#primaryimage"},"thumbnailUrl":"https:\/\/www.asemer.ro\/wp-content\/uploads\/2025\/09\/WhatsApp-Image-2025-09-25-at-8.23.43-PM.jpeg","datePublished":"2025-09-25T23:43:38+00:00","dateModified":"2025-10-10T22:51:42+00:00","breadcrumb":{"@id":"https:\/\/www.asemer.ro\/index.php\/event\/sabores-y-ritmos-de-espana-networking\/#breadcrumb"},"inLanguage":"es","potentialAction":[{"@type":"ReadAction","target":["https:\/\/www.asemer.ro\/index.php\/event\/sabores-y-ritmos-de-espana-networking\/"]}]},{"@type":"ImageObject","inLanguage":"es","@id":"https:\/\/www.asemer.ro\/index.php\/event\/sabores-y-ritmos-de-espana-networking\/#primaryimage","url":"https:\/\/www.asemer.ro\/wp-content\/uploads\/2025\/09\/WhatsApp-Image-2025-09-25-at-8.23.43-PM.jpeg","contentUrl":"https:\/\/www.asemer.ro\/wp-content\/uploads\/2025\/09\/WhatsApp-Image-2025-09-25-at-8.23.43-PM.jpeg","width":1131,"height":1600},{"@type":"BreadcrumbList","@id":"https:\/\/www.asemer.ro\/index.php\/event\/sabores-y-ritmos-de-espana-networking\/#breadcrumb","itemListElement":[{"@type":"ListItem","position":1,"name":"Home","item":"https:\/\/www.asemer.ro\/"},{"@type":"ListItem","position":2,"name":"Sabores y Ritmos de Espana &amp; Networking"}]},{"@type":"WebSite","@id":"https:\/\/www.asemer.ro\/#website","url":"https:\/\/www.asemer.ro\/","name":"ASEMER","description":"Asociación de Empresas Españolas en Rumanía","publisher":{"@id":"https:\/\/www.asemer.ro\/#organization"},"potentialAction":[{"@type":"SearchAction","target":{"@type":"EntryPoint","urlTemplate":"https:\/\/www.asemer.ro\/?s={search_term_string}"},"query-input":{"@type":"PropertyValueSpecification","valueRequired":true,"valueName":"search_term_string"}}],"inLanguage":"es"},{"@type":"Organization","@id":"https:\/\/www.asemer.ro\/#organization","name":"ASEMER","url":"https:\/\/www.asemer.ro\/","logo":{"@type":"ImageObject","inLanguage":"es","@id":"https:\/\/www.asemer.ro\/#\/schema\/logo\/image\/","url":"https:\/\/www.asemer.ro\/wp-content\/uploads\/2020\/12\/logo-ASEMER-scaled.jpg","contentUrl":"https:\/\/www.asemer.ro\/wp-content\/uploads\/2020\/12\/logo-ASEMER-scaled.jpg","width":2560,"height":849,"caption":"ASEMER"},"image":{"@id":"https:\/\/www.asemer.ro\/#\/schema\/logo\/image\/"},"sameAs":["https:\/\/www.facebook.com\/asociacionasemer","https:\/\/x.com\/asemer_rumania","https:\/\/ro.linkedin.com\/in\/asemer-asociación-empresas-españolas-en-rumanía-724772a6?trk=author_mini-profile_title","https:\/\/www.youtube.com\/channel\/UC73m8-BDsg857OL0Ogv5aQA\/videos"]}]}</script>
<!-- / Yoast SEO plugin. -->

Avem deosebita plăcere să vă invităm să celebrăm împreună Ziua Regatului Spaniei, într-un eveniment special dedicat gusturilor, ritmurilor și culturii [&hellip;]

Asociación de Empresas Españolas en Rumanía

https://ro.linkedin.com/in/asemer-asociación-empresas-españolas-en-rumanía-724772a6?trk=author_mini-profile_title
