{"id":2313,"date":"2016-01-09T21:34:08","date_gmt":"2016-01-09T19:34:08","guid":{"rendered":"http:\/\/asemer.ro\/v2\/?page_id=2313&#038;lang=ro"},"modified":"2021-04-13T09:33:06","modified_gmt":"2021-04-13T07:33:06","slug":"salutul-presedintelui-asemer","status":"publish","type":"page","link":"https:\/\/www.asemer.ro\/index.php\/salutul-presedintelui-asemer\/","title":{"rendered":"Salutul Pre\u0219edintelui ASEMER"},"content":{"rendered":"<p>[vc_row overlay=\u00bbnone\u00bb fullwidth=\u00bbno\u00bb][vc_column width=\u00bb2\/3&#8243; wap_class=\u00bb\u00bb wap_id=\u00bb\u00bb][vc_column_text]<\/p>\n<p style=\"text-align: justify;\"><span style=\"color: #000000;\"><strong><em><img loading=\"lazy\" decoding=\"async\" class=\"alignleft wp-image-1434 size-full\" src=\"http:\/\/asemer.ro\/wp-content\/uploads\/2015\/06\/presedinte-carlos1-e1448146053810.jpg\" alt=\"\" width=\"200\" height=\"267\" \/><\/em><\/strong><\/span><\/p>\n<p><span style=\"color: #000000;\"><strong><em>Stimate prieten,<\/em><\/strong><\/span><\/p>\n<p><span style=\"color: #000000;\"><em>\u00cen luna septembrie a anului 2013 s-a constituit prima <strong>Asocia\u021bie a Firmelor Spaniole \u00een Rom\u00e2nia (ASEMER<\/strong>).<\/em><\/span><\/p>\n<p><span style=\"color: #000000;\"><em>De mult\u0103 vreme, am considerat c\u0103 era necesar s\u0103 existe o platform\u0103 care s\u0103 apere interesele tuturor firmelor \u0219i ale profesioni\u0219tilor spanioli care \u00ee\u0219i desf\u0103\u0219oar\u0103 activitatea \u00een Rom\u00e2nia, similar\u0103 cu alte platforme existente, care reprezint\u0103 cu mult succes interesele firmelor din alte state, \u0219i care s\u0103 poat\u0103 face auzit\u0103 vocea membrilor s\u0103i \u00een societatea rom\u00e2neasc\u0103 \u0219i \u00eenaintea autorit\u0103\u021bilor rom\u00e2ne \u0219i spaniole. <\/em><\/span><\/p>\n<p><span style=\"color: #000000;\"><strong><em>ASEMER<\/em><\/strong><em> are ca obiectiv principal promovarea, \u00eembun\u0103t\u0103\u021birea \u0219i sprijinirea rela\u021biilor economice dintre companiile spaniole \u0219i organiza\u021biile sau companiile rom\u00e2ne\u0219ti. Prin intermediul <strong>ASEMER<\/strong> dorim s\u0103 promov\u0103m, s\u0103 poten\u021b\u0103m \u0219i s\u0103 dezvolt\u0103m rela\u021biile cu caracter economic dintre firmele \u0219i oamenii de afaceri din Spania \u0219i organismele \u0219i companiile din Rom\u00e2nia.<\/em><\/span><\/p>\n<p><span style=\"color: #000000;\"><em>Ne dorim ca, de la \u00eenceput de drum, <strong>ASEMER<\/strong> s\u0103 fie un partener onest \u0219i leal cu societatea rom\u00e2neasc\u0103 \u00een general \u0219i cu autorit\u0103\u021bile \u0219i cu companiile rom\u00e2ne\u0219ti \u00een special, colabor\u00e2nd \u00een m\u0103sura \u00een care va fi posibil, la dezvoltarea \u0219i la modernizarea acestei \u021b\u0103ri. Dorim s\u0103 ne desf\u0103\u0219ur\u0103m activitatea \u00een spiritul egalit\u0103\u021bii, \u00eemp\u0103rt\u0103\u0219ind experien\u021be, erori comise \u0219i \u00eenv\u0103\u021b\u00e2nd despre modul \u00een care se munce\u0219te \u00een aceast\u0103 \u021bar\u0103, o \u021bar\u0103 care \u00eemparte cu Spania un spa\u021biu comun cum este cel al Uniunii Europene, o \u021bar\u0103 care \u00eemparte cu Spania o cultur\u0103 \u0219i, \u00eentr-o anumit\u0103 m\u0103sur\u0103, un fel de a fi \u0219i de a vedea via\u021ba.<\/em><\/span><\/p>\n<p><span style=\"color: #000000;\"><em>Pe acest site ve\u021bi g\u0103si o mul\u021bime de informa\u021bii despre ceea ce suntem, ceea ce facem \u0219i ceea ce vrem s\u0103 dezvolt\u0103m. Nu ezita\u021bi s\u0103 ne trimite\u021bi orice idee, propunere \u0219i chiar orice critic\u0103 pe care o considera\u021bi oportun\u0103. Este \u00eenceputul unui nou drum, al unei aventuri la care v\u0103 invit\u0103m s\u0103 v\u0103 al\u0103tura\u021bi.<\/em><\/span><\/p>\n<p><span style=\"color: #000000;\"><em>Un salut cordial,<\/em><\/span><\/p>\n<p style=\"text-align: justify;\"><span style=\"color: #000000;\"><img loading=\"lazy\" decoding=\"async\" class=\"wp-image-1452 alignnone\" src=\"http:\/\/www.asemer.ro\/\/wp-content\/uploads\/2015\/06\/sig.png\" alt=\"sig\" width=\"198\" height=\"33\" \/><\/span><br \/>\n<span style=\"color: #000000;\"> Pre\u0219edinte<\/span><\/p>\n<p>[\/vc_column_text][\/vc_column][vc_column width=\u00bb1\/3&#8243; wap_class=\u00bb\u00bb wap_id=\u00bb\u00bb][vc_column_text]<br \/>\n[\/vc_column_text][\/vc_column][\/vc_row]<\/p>\n","protected":false},"excerpt":{"rendered":"<p>[vc_row overlay=\u00bbnone\u00bb fullwidth=\u00bbno\u00bb][vc_column width=\u00bb2\/3&#8243; wap_class=\u00bb\u00bb wap_id=\u00bb\u00bb][vc_column_text] Stimate prieten, \u00cen luna septembrie a anului 2013 s-a constituit prima Asocia\u021bie a Firmelor [&hellip;]<\/p>\n","protected":false},"author":3,"featured_media":0,"parent":0,"menu_order":1000,"comment_status":"closed","ping_status":"closed","template":"","meta":{"footnotes":""},"class_list":["post-2313","page","type-page","status-publish","hentry"],"yoast_head":"<!-- This site is optimized with the Yoast SEO plugin v27.3 - https:\/\/yoast.com\/product\/yoast-seo-wordpress\/ -->\n<title>Salutul Pre\u0219edintelui ASEMER - ASEMER<\/title>\n<meta name=\"robots\" content=\"index, follow, max-snippet:-1, max-image-preview:large, max-video-preview:-1\" \/>\n<link rel=\"canonical\" href=\"https:\/\/www.asemer.ro\/index.php\/salutul-presedintelui-asemer\/\" \/>\n<meta property=\"og:locale\" content=\"es_ES\" \/>\n<meta property=\"og:type\" content=\"article\" \/>\n<meta property=\"og:title\" content=\"Salutul Pre\u0219edintelui ASEMER - ASEMER\" \/>\n<meta property=\"og:description\" content=\"[vc_row overlay=\u00bbnone\u00bb fullwidth=\u00bbno\u00bb][vc_column width=\u00bb2\/3&#8243; wap_class=\u00bb\u00bb wap_id=\u00bb\u00bb][vc_column_text] Stimate prieten, \u00cen luna septembrie a anului 2013 s-a constituit prima Asocia\u021bie a Firmelor [&hellip;]\" \/>\n<meta property=\"og:url\" content=\"https:\/\/www.asemer.ro\/index.php\/salutul-presedintelui-asemer\/\" \/>\n<meta property=\"og:site_name\" content=\"ASEMER\" \/>\n<meta property=\"article:publisher\" content=\"https:\/\/www.facebook.com\/asociacionasemer\" \/>\n<meta property=\"article:modified_time\" content=\"2021-04-13T07:33:06+00:00\" \/>\n<meta property=\"og:image\" content=\"http:\/\/asemer.ro\/wp-content\/uploads\/2015\/06\/presedinte-carlos1-e1448146053810.jpg\" \/>\n<meta name=\"twitter:card\" content=\"summary_large_image\" \/>\n<meta name=\"twitter:site\" content=\"@asemer_rumania\" \/>\n<meta name=\"twitter:label1\" content=\"Tiempo de lectura\" \/>\n\t<meta name=\"twitter:data1\" content=\"2 minutos\" \/>\n<script type=\"application\/ld+json\" class=\"yoast-schema-graph\">{\"@context\":\"https:\\\/\\\/schema.org\",\"@graph\":[{\"@type\":\"WebPage\",\"@id\":\"https:\\\/\\\/www.asemer.ro\\\/index.php\\\/salutul-presedintelui-asemer\\\/\",\"url\":\"https:\\\/\\\/www.asemer.ro\\\/index.php\\\/salutul-presedintelui-asemer\\\/\",\"name\":\"Salutul Pre\u0219edintelui ASEMER - ASEMER\",\"isPartOf\":{\"@id\":\"https:\\\/\\\/www.asemer.ro\\\/#website\"},\"primaryImageOfPage\":{\"@id\":\"https:\\\/\\\/www.asemer.ro\\\/index.php\\\/salutul-presedintelui-asemer\\\/#primaryimage\"},\"image\":{\"@id\":\"https:\\\/\\\/www.asemer.ro\\\/index.php\\\/salutul-presedintelui-asemer\\\/#primaryimage\"},\"thumbnailUrl\":\"http:\\\/\\\/asemer.ro\\\/wp-content\\\/uploads\\\/2015\\\/06\\\/presedinte-carlos1-e1448146053810.jpg\",\"datePublished\":\"2016-01-09T19:34:08+00:00\",\"dateModified\":\"2021-04-13T07:33:06+00:00\",\"breadcrumb\":{\"@id\":\"https:\\\/\\\/www.asemer.ro\\\/index.php\\\/salutul-presedintelui-asemer\\\/#breadcrumb\"},\"inLanguage\":\"es\",\"potentialAction\":[{\"@type\":\"ReadAction\",\"target\":[\"https:\\\/\\\/www.asemer.ro\\\/index.php\\\/salutul-presedintelui-asemer\\\/\"]}]},{\"@type\":\"ImageObject\",\"inLanguage\":\"es\",\"@id\":\"https:\\\/\\\/www.asemer.ro\\\/index.php\\\/salutul-presedintelui-asemer\\\/#primaryimage\",\"url\":\"http:\\\/\\\/asemer.ro\\\/wp-content\\\/uploads\\\/2015\\\/06\\\/presedinte-carlos1-e1448146053810.jpg\",\"contentUrl\":\"http:\\\/\\\/asemer.ro\\\/wp-content\\\/uploads\\\/2015\\\/06\\\/presedinte-carlos1-e1448146053810.jpg\"},{\"@type\":\"BreadcrumbList\",\"@id\":\"https:\\\/\\\/www.asemer.ro\\\/index.php\\\/salutul-presedintelui-asemer\\\/#breadcrumb\",\"itemListElement\":[{\"@type\":\"ListItem\",\"position\":1,\"name\":\"Home\",\"item\":\"https:\\\/\\\/www.asemer.ro\\\/\"},{\"@type\":\"ListItem\",\"position\":2,\"name\":\"Salutul Pre\u0219edintelui ASEMER\"}]},{\"@type\":\"WebSite\",\"@id\":\"https:\\\/\\\/www.asemer.ro\\\/#website\",\"url\":\"https:\\\/\\\/www.asemer.ro\\\/\",\"name\":\"ASEMER\",\"description\":\"Asociaci\u00f3n de Empresas Espa\u00f1olas en Ruman\u00eda\",\"publisher\":{\"@id\":\"https:\\\/\\\/www.asemer.ro\\\/#organization\"},\"potentialAction\":[{\"@type\":\"SearchAction\",\"target\":{\"@type\":\"EntryPoint\",\"urlTemplate\":\"https:\\\/\\\/www.asemer.ro\\\/?s={search_term_string}\"},\"query-input\":{\"@type\":\"PropertyValueSpecification\",\"valueRequired\":true,\"valueName\":\"search_term_string\"}}],\"inLanguage\":\"es\"},{\"@type\":\"Organization\",\"@id\":\"https:\\\/\\\/www.asemer.ro\\\/#organization\",\"name\":\"ASEMER\",\"url\":\"https:\\\/\\\/www.asemer.ro\\\/\",\"logo\":{\"@type\":\"ImageObject\",\"inLanguage\":\"es\",\"@id\":\"https:\\\/\\\/www.asemer.ro\\\/#\\\/schema\\\/logo\\\/image\\\/\",\"url\":\"https:\\\/\\\/www.asemer.ro\\\/wp-content\\\/uploads\\\/2020\\\/12\\\/logo-ASEMER-scaled.jpg\",\"contentUrl\":\"https:\\\/\\\/www.asemer.ro\\\/wp-content\\\/uploads\\\/2020\\\/12\\\/logo-ASEMER-scaled.jpg\",\"width\":2560,\"height\":849,\"caption\":\"ASEMER\"},\"image\":{\"@id\":\"https:\\\/\\\/www.asemer.ro\\\/#\\\/schema\\\/logo\\\/image\\\/\"},\"sameAs\":[\"https:\\\/\\\/www.facebook.com\\\/asociacionasemer\",\"https:\\\/\\\/x.com\\\/asemer_rumania\",\"https:\\\/\\\/ro.linkedin.com\\\/in\\\/asemer-asociaci\u00f3n-empresas-espa\u00f1olas-en-ruman\u00eda-724772a6?trk=author_mini-profile_title\",\"https:\\\/\\\/www.youtube.com\\\/channel\\\/UC73m8-BDsg857OL0Ogv5aQA\\\/videos\"]}]}<\/script>\n<!-- \/ Yoast SEO plugin. -->","yoast_head_json":{"title":"Salutul Pre\u0219edintelui ASEMER - ASEMER","robots":{"index":"index","follow":"follow","max-snippet":"max-snippet:-1","max-image-preview":"max-image-preview:large","max-video-preview":"max-video-preview:-1"},"canonical":"https:\/\/www.asemer.ro\/index.php\/salutul-presedintelui-asemer\/","og_locale":"es_ES","og_type":"article","og_title":"Salutul Pre\u0219edintelui ASEMER - ASEMER","og_description":"[vc_row overlay=\u00bbnone\u00bb fullwidth=\u00bbno\u00bb][vc_column width=\u00bb2\/3&#8243; wap_class=\u00bb\u00bb wap_id=\u00bb\u00bb][vc_column_text] Stimate prieten, \u00cen luna septembrie a anului 2013 s-a constituit prima Asocia\u021bie a Firmelor [&hellip;]","og_url":"https:\/\/www.asemer.ro\/index.php\/salutul-presedintelui-asemer\/","og_site_name":"ASEMER","article_publisher":"https:\/\/www.facebook.com\/asociacionasemer","article_modified_time":"2021-04-13T07:33:06+00:00","og_image":[{"url":"http:\/\/asemer.ro\/wp-content\/uploads\/2015\/06\/presedinte-carlos1-e1448146053810.jpg","type":"","width":"","height":""}],"twitter_card":"summary_large_image","twitter_site":"@asemer_rumania","twitter_misc":{"Tiempo de lectura":"2 minutos"},"schema":{"@context":"https:\/\/schema.org","@graph":[{"@type":"WebPage","@id":"https:\/\/www.asemer.ro\/index.php\/salutul-presedintelui-asemer\/","url":"https:\/\/www.asemer.ro\/index.php\/salutul-presedintelui-asemer\/","name":"Salutul Pre\u0219edintelui ASEMER - ASEMER","isPartOf":{"@id":"https:\/\/www.asemer.ro\/#website"},"primaryImageOfPage":{"@id":"https:\/\/www.asemer.ro\/index.php\/salutul-presedintelui-asemer\/#primaryimage"},"image":{"@id":"https:\/\/www.asemer.ro\/index.php\/salutul-presedintelui-asemer\/#primaryimage"},"thumbnailUrl":"http:\/\/asemer.ro\/wp-content\/uploads\/2015\/06\/presedinte-carlos1-e1448146053810.jpg","datePublished":"2016-01-09T19:34:08+00:00","dateModified":"2021-04-13T07:33:06+00:00","breadcrumb":{"@id":"https:\/\/www.asemer.ro\/index.php\/salutul-presedintelui-asemer\/#breadcrumb"},"inLanguage":"es","potentialAction":[{"@type":"ReadAction","target":["https:\/\/www.asemer.ro\/index.php\/salutul-presedintelui-asemer\/"]}]},{"@type":"ImageObject","inLanguage":"es","@id":"https:\/\/www.asemer.ro\/index.php\/salutul-presedintelui-asemer\/#primaryimage","url":"http:\/\/asemer.ro\/wp-content\/uploads\/2015\/06\/presedinte-carlos1-e1448146053810.jpg","contentUrl":"http:\/\/asemer.ro\/wp-content\/uploads\/2015\/06\/presedinte-carlos1-e1448146053810.jpg"},{"@type":"BreadcrumbList","@id":"https:\/\/www.asemer.ro\/index.php\/salutul-presedintelui-asemer\/#breadcrumb","itemListElement":[{"@type":"ListItem","position":1,"name":"Home","item":"https:\/\/www.asemer.ro\/"},{"@type":"ListItem","position":2,"name":"Salutul Pre\u0219edintelui ASEMER"}]},{"@type":"WebSite","@id":"https:\/\/www.asemer.ro\/#website","url":"https:\/\/www.asemer.ro\/","name":"ASEMER","description":"Asociaci\u00f3n de Empresas Espa\u00f1olas en Ruman\u00eda","publisher":{"@id":"https:\/\/www.asemer.ro\/#organization"},"potentialAction":[{"@type":"SearchAction","target":{"@type":"EntryPoint","urlTemplate":"https:\/\/www.asemer.ro\/?s={search_term_string}"},"query-input":{"@type":"PropertyValueSpecification","valueRequired":true,"valueName":"search_term_string"}}],"inLanguage":"es"},{"@type":"Organization","@id":"https:\/\/www.asemer.ro\/#organization","name":"ASEMER","url":"https:\/\/www.asemer.ro\/","logo":{"@type":"ImageObject","inLanguage":"es","@id":"https:\/\/www.asemer.ro\/#\/schema\/logo\/image\/","url":"https:\/\/www.asemer.ro\/wp-content\/uploads\/2020\/12\/logo-ASEMER-scaled.jpg","contentUrl":"https:\/\/www.asemer.ro\/wp-content\/uploads\/2020\/12\/logo-ASEMER-scaled.jpg","width":2560,"height":849,"caption":"ASEMER"},"image":{"@id":"https:\/\/www.asemer.ro\/#\/schema\/logo\/image\/"},"sameAs":["https:\/\/www.facebook.com\/asociacionasemer","https:\/\/x.com\/asemer_rumania","https:\/\/ro.linkedin.com\/in\/asemer-asociaci\u00f3n-empresas-espa\u00f1olas-en-ruman\u00eda-724772a6?trk=author_mini-profile_title","https:\/\/www.youtube.com\/channel\/UC73m8-BDsg857OL0Ogv5aQA\/videos"]}]}},"_links":{"self":[{"href":"https:\/\/www.asemer.ro\/index.php\/wp-json\/wp\/v2\/pages\/2313","targetHints":{"allow":["GET"]}}],"collection":[{"href":"https:\/\/www.asemer.ro\/index.php\/wp-json\/wp\/v2\/pages"}],"about":[{"href":"https:\/\/www.asemer.ro\/index.php\/wp-json\/wp\/v2\/types\/page"}],"author":[{"embeddable":true,"href":"https:\/\/www.asemer.ro\/index.php\/wp-json\/wp\/v2\/users\/3"}],"replies":[{"embeddable":true,"href":"https:\/\/www.asemer.ro\/index.php\/wp-json\/wp\/v2\/comments?post=2313"}],"version-history":[{"count":1,"href":"https:\/\/www.asemer.ro\/index.php\/wp-json\/wp\/v2\/pages\/2313\/revisions"}],"predecessor-version":[{"id":5989,"href":"https:\/\/www.asemer.ro\/index.php\/wp-json\/wp\/v2\/pages\/2313\/revisions\/5989"}],"wp:attachment":[{"href":"https:\/\/www.asemer.ro\/index.php\/wp-json\/wp\/v2\/media?parent=2313"}],"curies":[{"name":"wp","href":"https:\/\/api.w.org\/{rel}","templated":true}]}}