{"id":2766,"date":"2015-11-14T15:02:08","date_gmt":"2015-11-14T13:02:08","guid":{"rendered":"http:\/\/asemer.ro\/ofertas-para-socios-asemer\/?lang=en"},"modified":"2021-04-13T09:31:29","modified_gmt":"2021-04-13T07:31:29","slug":"offers-for-the-members-of-asemer","status":"publish","type":"page","link":"https:\/\/www.asemer.ro\/index.php\/offers-for-the-members-of-asemer\/","title":{"rendered":"Offers for the members of ASEMER"},"content":{"rendered":"<p>[vc_row overlay=\u00bbnone\u00bb fullwidth=\u00bbno\u00bb][vc_column width=\u00bb1\/1&#8243; wap_class=\u00bb\u00bb wap_id=\u00bb\u00bb][vc_accordion collapsible=\u00bb\u00bb disable_keyboard=\u00bb\u00bb active_tab=\u00bbfalse\u00bb][vc_accordion_tab title=\u00bbHealth Insurance Offer from NN\u00bb][vc_column_text]<img loading=\"lazy\" decoding=\"async\" class=\"size-full wp-image-4907 aligncenter\" src=\"http:\/\/asemer.ro\/wp-content\/uploads\/2015\/11\/Afis.png\" alt=\"\" width=\"467\" height=\"354\" \/><\/p>\n<p>&nbsp;<\/p>\n<p>ASEMER\u00b4s members (companies and their employees) benefit from <strong>10% discount for them and their families when they contract a health insurance. At the same time, in order to facilitate the communication in Spanish language, a dedicated consultant will be availiable for ASEMER\u00b4 members to provide additional information.<br \/>\n<\/strong><\/p>\n<p><strong>More details here: <\/strong><a href=\"https:\/\/asemer.us10.list-manage.com\/track\/click?u=b9d51dee750a5720522f086a3&amp;id=cdb7f1ec8e&amp;e=8912bdc90c\">https:\/\/bit.ly\/2UbGoJp<\/a>.<br \/>\nContact details of the dedicated Consultant:<\/p>\n<p style=\"text-align: center;\"><strong>Cristina Alexandra<\/strong> <strong>Bancoff<\/strong><br \/>\n<a href=\"cristina.bancoff@nnconsultant.ro\">cristina.bancoff@nnconsultant.ro<\/a><br \/>\n0745.598.390<br \/>\n<a href=\"https:\/\/asemer.us10.list-manage.com\/track\/click?u=b9d51dee750a5720522f086a3&amp;id=4e3985ed1e&amp;e=8912bdc90c\">www.nn.ro<\/a><\/p>\n<p style=\"text-align: center;\"><img loading=\"lazy\" decoding=\"async\" class=\"aligncenter size-full wp-image-4908\" src=\"http:\/\/asemer.ro\/wp-content\/uploads\/2015\/11\/Logo-NN.png\" alt=\"\" width=\"323\" height=\"203\" \/><\/p>\n<p>[\/vc_column_text][\/vc_accordion_tab][vc_accordion_tab title=\u00bbTranslation Services and Foreign Languages Courses iTRAD Offer\u00bb][vc_column_text]<img loading=\"lazy\" decoding=\"async\" class=\"aligncenter size-full wp-image-4654\" src=\"http:\/\/asemer.ro\/wp-content\/uploads\/2015\/11\/Itrad.png\" alt=\"\" width=\"118\" height=\"63\" \/><\/p>\n<p><strong>iTRAD<\/strong> starts the year with a special offer for ASEMER members: a <span style=\"color: #ff0000;\"><strong>5% discount<\/strong><\/span> for translation and interpreting services and Spanish and English classes.<\/p>\n<p>The members of our team are certified translators, authorized by the Ministry of Justice, with solid background and relevant experience in the field of translation and interpreting.<\/p>\n<p>iTrad translators have relevant experience in the field, provide a quality guarantee of the work and execute the projects in accordance with the delivery terms, quickly and professionally.<\/p>\n<p>We provide consecutive and simultaneous interpretation services for events and conferences, from and into almost all languages.<\/p>\n<p>iTrad organizes Spanish and English language classes for natural or legal persons, tailored to the needs of the client.<\/p>\n<p>Those interested in our services can contact us at the e-mail address office@itrad.eu or at the phone number 0740.398.970.[\/vc_column_text][\/vc_accordion_tab][vc_accordion_tab title=\u00bbOffer from the Lawyer Office Anghelescu Doina\u00bb][vc_column_text]<\/p>\n<p style=\"text-align: center;\">[pdf-embedder url=\u00bbhttp:\/\/asemer.ro\/wp-content\/uploads\/2015\/11\/Doina-Anghelescu-abogada.pdf\u00bb]<\/p>\n<p>[\/vc_column_text][\/vc_accordion_tab][vc_accordion_tab title=\u00bbOFFER FROM WORLD CLASS\u00bb][vc_column_text]<\/p>\n<p style=\"text-align: center;\">[pdf-embedder url=\u00bbhttp:\/\/asemer.ro\/wp-content\/uploads\/2016\/10\/Oferta-WORLDCLASS.pdf\u00bb]<\/p>\n<p>[\/vc_column_text][\/vc_accordion_tab][vc_accordion_tab title=\u00bbOffer from CISMIGIU HOTEL\u00bb][vc_column_text]<\/p>\n<p style=\"text-align: center;\">[pdf-embedder url=\u00bbhttp:\/\/asemer.ro\/wp-content\/uploads\/2015\/11\/Hotel-Cismigiu-oferta-Asemer.pdf\u00bb]<\/p>\n<p>[\/vc_column_text][\/vc_accordion_tab][\/vc_accordion][\/vc_column][vc_column width=\u00bb1\/1&#8243; wap_class=\u00bb\u00bb wap_id=\u00bb\u00bb][\/vc_column][\/vc_row][vc_row overlay=\u00bbnone\u00bb fullwidth=\u00bbno\u00bb][\/vc_row][vc_row overlay=\u00bbnone\u00bb fullwidth=\u00bbno\u00bb][\/vc_row][vc_row overlay=\u00bbnone\u00bb fullwidth=\u00bbno\u00bb][\/vc_row]<\/p>\n","protected":false},"excerpt":{"rendered":"<p>[vc_row overlay=\u00bbnone\u00bb fullwidth=\u00bbno\u00bb][vc_column width=\u00bb1\/1&#8243; wap_class=\u00bb\u00bb wap_id=\u00bb\u00bb][vc_accordion collapsible=\u00bb\u00bb disable_keyboard=\u00bb\u00bb active_tab=\u00bbfalse\u00bb][vc_accordion_tab title=\u00bbHealth Insurance Offer from NN\u00bb][vc_column_text] &nbsp; ASEMER\u00b4s members (companies and their [&hellip;]<\/p>\n","protected":false},"author":3,"featured_media":0,"parent":0,"menu_order":1000,"comment_status":"closed","ping_status":"closed","template":"","meta":{"footnotes":""},"class_list":["post-2766","page","type-page","status-publish","hentry"],"yoast_head":"<!-- This site is optimized with the Yoast SEO plugin v27.5 - https:\/\/yoast.com\/product\/yoast-seo-wordpress\/ -->\n<title>Offers for the members of ASEMER - ASEMER<\/title>\n<meta name=\"robots\" content=\"index, follow, max-snippet:-1, max-image-preview:large, max-video-preview:-1\" \/>\n<link rel=\"canonical\" href=\"https:\/\/www.asemer.ro\/index.php\/offers-for-the-members-of-asemer\/\" \/>\n<meta property=\"og:locale\" content=\"es_ES\" \/>\n<meta property=\"og:type\" content=\"article\" \/>\n<meta property=\"og:title\" content=\"Offers for the members of ASEMER - ASEMER\" \/>\n<meta property=\"og:description\" content=\"[vc_row overlay=\u00bbnone\u00bb fullwidth=\u00bbno\u00bb][vc_column width=\u00bb1\/1&#8243; wap_class=\u00bb\u00bb wap_id=\u00bb\u00bb][vc_accordion collapsible=\u00bb\u00bb disable_keyboard=\u00bb\u00bb active_tab=\u00bbfalse\u00bb][vc_accordion_tab title=\u00bbHealth Insurance Offer from NN\u00bb][vc_column_text] &nbsp; ASEMER\u00b4s members (companies and their [&hellip;]\" \/>\n<meta property=\"og:url\" content=\"https:\/\/www.asemer.ro\/index.php\/offers-for-the-members-of-asemer\/\" \/>\n<meta property=\"og:site_name\" content=\"ASEMER\" \/>\n<meta property=\"article:publisher\" content=\"https:\/\/www.facebook.com\/asociacionasemer\" \/>\n<meta property=\"article:modified_time\" content=\"2021-04-13T07:31:29+00:00\" \/>\n<meta property=\"og:image\" content=\"http:\/\/asemer.ro\/wp-content\/uploads\/2015\/11\/Afis.png\" \/>\n<meta name=\"twitter:card\" content=\"summary_large_image\" \/>\n<meta name=\"twitter:site\" content=\"@asemer_rumania\" \/>\n<meta name=\"twitter:label1\" content=\"Tiempo de lectura\" \/>\n\t<meta name=\"twitter:data1\" content=\"2 minutos\" \/>\n<script type=\"application\/ld+json\" class=\"yoast-schema-graph\">{\"@context\":\"https:\\\/\\\/schema.org\",\"@graph\":[{\"@type\":\"WebPage\",\"@id\":\"https:\\\/\\\/www.asemer.ro\\\/index.php\\\/offers-for-the-members-of-asemer\\\/\",\"url\":\"https:\\\/\\\/www.asemer.ro\\\/index.php\\\/offers-for-the-members-of-asemer\\\/\",\"name\":\"Offers for the members of ASEMER - ASEMER\",\"isPartOf\":{\"@id\":\"https:\\\/\\\/www.asemer.ro\\\/#website\"},\"primaryImageOfPage\":{\"@id\":\"https:\\\/\\\/www.asemer.ro\\\/index.php\\\/offers-for-the-members-of-asemer\\\/#primaryimage\"},\"image\":{\"@id\":\"https:\\\/\\\/www.asemer.ro\\\/index.php\\\/offers-for-the-members-of-asemer\\\/#primaryimage\"},\"thumbnailUrl\":\"http:\\\/\\\/asemer.ro\\\/wp-content\\\/uploads\\\/2015\\\/11\\\/Afis.png\",\"datePublished\":\"2015-11-14T13:02:08+00:00\",\"dateModified\":\"2021-04-13T07:31:29+00:00\",\"breadcrumb\":{\"@id\":\"https:\\\/\\\/www.asemer.ro\\\/index.php\\\/offers-for-the-members-of-asemer\\\/#breadcrumb\"},\"inLanguage\":\"es\",\"potentialAction\":[{\"@type\":\"ReadAction\",\"target\":[\"https:\\\/\\\/www.asemer.ro\\\/index.php\\\/offers-for-the-members-of-asemer\\\/\"]}]},{\"@type\":\"ImageObject\",\"inLanguage\":\"es\",\"@id\":\"https:\\\/\\\/www.asemer.ro\\\/index.php\\\/offers-for-the-members-of-asemer\\\/#primaryimage\",\"url\":\"http:\\\/\\\/asemer.ro\\\/wp-content\\\/uploads\\\/2015\\\/11\\\/Afis.png\",\"contentUrl\":\"http:\\\/\\\/asemer.ro\\\/wp-content\\\/uploads\\\/2015\\\/11\\\/Afis.png\"},{\"@type\":\"BreadcrumbList\",\"@id\":\"https:\\\/\\\/www.asemer.ro\\\/index.php\\\/offers-for-the-members-of-asemer\\\/#breadcrumb\",\"itemListElement\":[{\"@type\":\"ListItem\",\"position\":1,\"name\":\"Home\",\"item\":\"https:\\\/\\\/www.asemer.ro\\\/\"},{\"@type\":\"ListItem\",\"position\":2,\"name\":\"Offers for the members of ASEMER\"}]},{\"@type\":\"WebSite\",\"@id\":\"https:\\\/\\\/www.asemer.ro\\\/#website\",\"url\":\"https:\\\/\\\/www.asemer.ro\\\/\",\"name\":\"ASEMER\",\"description\":\"Asociaci\u00f3n de Empresas Espa\u00f1olas en Ruman\u00eda\",\"publisher\":{\"@id\":\"https:\\\/\\\/www.asemer.ro\\\/#organization\"},\"potentialAction\":[{\"@type\":\"SearchAction\",\"target\":{\"@type\":\"EntryPoint\",\"urlTemplate\":\"https:\\\/\\\/www.asemer.ro\\\/?s={search_term_string}\"},\"query-input\":{\"@type\":\"PropertyValueSpecification\",\"valueRequired\":true,\"valueName\":\"search_term_string\"}}],\"inLanguage\":\"es\"},{\"@type\":\"Organization\",\"@id\":\"https:\\\/\\\/www.asemer.ro\\\/#organization\",\"name\":\"ASEMER\",\"url\":\"https:\\\/\\\/www.asemer.ro\\\/\",\"logo\":{\"@type\":\"ImageObject\",\"inLanguage\":\"es\",\"@id\":\"https:\\\/\\\/www.asemer.ro\\\/#\\\/schema\\\/logo\\\/image\\\/\",\"url\":\"https:\\\/\\\/www.asemer.ro\\\/wp-content\\\/uploads\\\/2020\\\/12\\\/logo-ASEMER-scaled.jpg\",\"contentUrl\":\"https:\\\/\\\/www.asemer.ro\\\/wp-content\\\/uploads\\\/2020\\\/12\\\/logo-ASEMER-scaled.jpg\",\"width\":2560,\"height\":849,\"caption\":\"ASEMER\"},\"image\":{\"@id\":\"https:\\\/\\\/www.asemer.ro\\\/#\\\/schema\\\/logo\\\/image\\\/\"},\"sameAs\":[\"https:\\\/\\\/www.facebook.com\\\/asociacionasemer\",\"https:\\\/\\\/x.com\\\/asemer_rumania\",\"https:\\\/\\\/ro.linkedin.com\\\/in\\\/asemer-asociaci\u00f3n-empresas-espa\u00f1olas-en-ruman\u00eda-724772a6?trk=author_mini-profile_title\",\"https:\\\/\\\/www.youtube.com\\\/channel\\\/UC73m8-BDsg857OL0Ogv5aQA\\\/videos\"]}]}<\/script>\n<!-- \/ Yoast SEO plugin. -->","yoast_head_json":{"title":"Offers for the members of ASEMER - ASEMER","robots":{"index":"index","follow":"follow","max-snippet":"max-snippet:-1","max-image-preview":"max-image-preview:large","max-video-preview":"max-video-preview:-1"},"canonical":"https:\/\/www.asemer.ro\/index.php\/offers-for-the-members-of-asemer\/","og_locale":"es_ES","og_type":"article","og_title":"Offers for the members of ASEMER - ASEMER","og_description":"[vc_row overlay=\u00bbnone\u00bb fullwidth=\u00bbno\u00bb][vc_column width=\u00bb1\/1&#8243; wap_class=\u00bb\u00bb wap_id=\u00bb\u00bb][vc_accordion collapsible=\u00bb\u00bb disable_keyboard=\u00bb\u00bb active_tab=\u00bbfalse\u00bb][vc_accordion_tab title=\u00bbHealth Insurance Offer from NN\u00bb][vc_column_text] &nbsp; ASEMER\u00b4s members (companies and their [&hellip;]","og_url":"https:\/\/www.asemer.ro\/index.php\/offers-for-the-members-of-asemer\/","og_site_name":"ASEMER","article_publisher":"https:\/\/www.facebook.com\/asociacionasemer","article_modified_time":"2021-04-13T07:31:29+00:00","og_image":[{"url":"http:\/\/asemer.ro\/wp-content\/uploads\/2015\/11\/Afis.png","type":"","width":"","height":""}],"twitter_card":"summary_large_image","twitter_site":"@asemer_rumania","twitter_misc":{"Tiempo de lectura":"2 minutos"},"schema":{"@context":"https:\/\/schema.org","@graph":[{"@type":"WebPage","@id":"https:\/\/www.asemer.ro\/index.php\/offers-for-the-members-of-asemer\/","url":"https:\/\/www.asemer.ro\/index.php\/offers-for-the-members-of-asemer\/","name":"Offers for the members of ASEMER - ASEMER","isPartOf":{"@id":"https:\/\/www.asemer.ro\/#website"},"primaryImageOfPage":{"@id":"https:\/\/www.asemer.ro\/index.php\/offers-for-the-members-of-asemer\/#primaryimage"},"image":{"@id":"https:\/\/www.asemer.ro\/index.php\/offers-for-the-members-of-asemer\/#primaryimage"},"thumbnailUrl":"http:\/\/asemer.ro\/wp-content\/uploads\/2015\/11\/Afis.png","datePublished":"2015-11-14T13:02:08+00:00","dateModified":"2021-04-13T07:31:29+00:00","breadcrumb":{"@id":"https:\/\/www.asemer.ro\/index.php\/offers-for-the-members-of-asemer\/#breadcrumb"},"inLanguage":"es","potentialAction":[{"@type":"ReadAction","target":["https:\/\/www.asemer.ro\/index.php\/offers-for-the-members-of-asemer\/"]}]},{"@type":"ImageObject","inLanguage":"es","@id":"https:\/\/www.asemer.ro\/index.php\/offers-for-the-members-of-asemer\/#primaryimage","url":"http:\/\/asemer.ro\/wp-content\/uploads\/2015\/11\/Afis.png","contentUrl":"http:\/\/asemer.ro\/wp-content\/uploads\/2015\/11\/Afis.png"},{"@type":"BreadcrumbList","@id":"https:\/\/www.asemer.ro\/index.php\/offers-for-the-members-of-asemer\/#breadcrumb","itemListElement":[{"@type":"ListItem","position":1,"name":"Home","item":"https:\/\/www.asemer.ro\/"},{"@type":"ListItem","position":2,"name":"Offers for the members of ASEMER"}]},{"@type":"WebSite","@id":"https:\/\/www.asemer.ro\/#website","url":"https:\/\/www.asemer.ro\/","name":"ASEMER","description":"Asociaci\u00f3n de Empresas Espa\u00f1olas en Ruman\u00eda","publisher":{"@id":"https:\/\/www.asemer.ro\/#organization"},"potentialAction":[{"@type":"SearchAction","target":{"@type":"EntryPoint","urlTemplate":"https:\/\/www.asemer.ro\/?s={search_term_string}"},"query-input":{"@type":"PropertyValueSpecification","valueRequired":true,"valueName":"search_term_string"}}],"inLanguage":"es"},{"@type":"Organization","@id":"https:\/\/www.asemer.ro\/#organization","name":"ASEMER","url":"https:\/\/www.asemer.ro\/","logo":{"@type":"ImageObject","inLanguage":"es","@id":"https:\/\/www.asemer.ro\/#\/schema\/logo\/image\/","url":"https:\/\/www.asemer.ro\/wp-content\/uploads\/2020\/12\/logo-ASEMER-scaled.jpg","contentUrl":"https:\/\/www.asemer.ro\/wp-content\/uploads\/2020\/12\/logo-ASEMER-scaled.jpg","width":2560,"height":849,"caption":"ASEMER"},"image":{"@id":"https:\/\/www.asemer.ro\/#\/schema\/logo\/image\/"},"sameAs":["https:\/\/www.facebook.com\/asociacionasemer","https:\/\/x.com\/asemer_rumania","https:\/\/ro.linkedin.com\/in\/asemer-asociaci\u00f3n-empresas-espa\u00f1olas-en-ruman\u00eda-724772a6?trk=author_mini-profile_title","https:\/\/www.youtube.com\/channel\/UC73m8-BDsg857OL0Ogv5aQA\/videos"]}]}},"_links":{"self":[{"href":"https:\/\/www.asemer.ro\/index.php\/wp-json\/wp\/v2\/pages\/2766","targetHints":{"allow":["GET"]}}],"collection":[{"href":"https:\/\/www.asemer.ro\/index.php\/wp-json\/wp\/v2\/pages"}],"about":[{"href":"https:\/\/www.asemer.ro\/index.php\/wp-json\/wp\/v2\/types\/page"}],"author":[{"embeddable":true,"href":"https:\/\/www.asemer.ro\/index.php\/wp-json\/wp\/v2\/users\/3"}],"replies":[{"embeddable":true,"href":"https:\/\/www.asemer.ro\/index.php\/wp-json\/wp\/v2\/comments?post=2766"}],"version-history":[{"count":1,"href":"https:\/\/www.asemer.ro\/index.php\/wp-json\/wp\/v2\/pages\/2766\/revisions"}],"predecessor-version":[{"id":5982,"href":"https:\/\/www.asemer.ro\/index.php\/wp-json\/wp\/v2\/pages\/2766\/revisions\/5982"}],"wp:attachment":[{"href":"https:\/\/www.asemer.ro\/index.php\/wp-json\/wp\/v2\/media?parent=2766"}],"curies":[{"name":"wp","href":"https:\/\/api.w.org\/{rel}","templated":true}]}}